
{"id":885,"date":"2023-01-16T08:37:26","date_gmt":"2023-01-16T11:37:26","guid":{"rendered":"https:\/\/moderniza.me\/virtualx\/product\/mini-pdv-m10\/"},"modified":"2023-05-04T16:22:05","modified_gmt":"2023-05-04T19:22:05","slug":"mini-pdv-m10","status":"publish","type":"product","link":"https:\/\/moderniza.me\/virtualx\/product\/mini-pdv-m10\/","title":{"rendered":"Mini PDV M10"},"content":{"rendered":"<p>Marca: Elgin<br \/>\nO novo Mini PDV Android M10 possui uma tela touch screen de 10 polegadas, ofecere liberdade para escolher o software de automa\u00e7\u00e3o mantendo todas as funcionalidades: impressora Inclusa, 5 interfaces de comunica\u00e7\u00e3o e conex\u00e3o de perif\u00e9ricos.<br \/>\nEquipamento robusto, com design elegante e com dimens\u00f5es reduzidas, o M10 se adapta perfeitamente a muitos locais diferentes. \u00c9 a solu\u00e7\u00e3o perfeita para o pequeno e m\u00e9dio varejo<br \/>\nAlta ConectividadeO M10 MiniPDV, possui WiFi, Bluetooth, 5 portas de comunica\u00e7\u00e3o USB, 1 Porta de rede Ethernet, 1 porta para gaveta de dinheiro e 1 porta Serial.<\/p>\n","protected":false},"excerpt":{"rendered":"<p>Mini PDV M10<\/p>\n","protected":false},"featured_media":884,"comment_status":"open","ping_status":"closed","template":"","meta":[],"yoast_head":"<!-- This site is optimized with the Yoast SEO plugin v15.7 - https:\/\/yoast.com\/wordpress\/plugins\/seo\/ -->\n<title>Mini PDV M10 &ndash;<\/title>\n<meta name=\"robots\" content=\"index, follow, max-snippet:-1, max-image-preview:large, max-video-preview:-1\" \/>\n<link rel=\"canonical\" href=\"https:\/\/moderniza.me\/virtualx\/product\/mini-pdv-m10\/\" \/>\n<meta property=\"og:locale\" content=\"pt_BR\" \/>\n<meta property=\"og:type\" content=\"article\" \/>\n<meta property=\"og:title\" content=\"Mini PDV M10 &ndash;\" \/>\n<meta property=\"og:description\" content=\"Mini PDV M10\" \/>\n<meta property=\"og:url\" content=\"https:\/\/moderniza.me\/virtualx\/product\/mini-pdv-m10\/\" \/>\n<meta property=\"article:modified_time\" content=\"2023-05-04T19:22:05+00:00\" \/>\n<meta name=\"twitter:card\" content=\"summary_large_image\" \/>\n<script type=\"application\/ld+json\" class=\"yoast-schema-graph\">{\"@context\":\"https:\/\/schema.org\",\"@graph\":[{\"@type\":\"Organization\",\"@id\":\"https:\/\/moderniza.me\/virtualx\/#organization\",\"name\":\"Virtual X\",\"url\":\"https:\/\/moderniza.me\/virtualx\/\",\"sameAs\":[],\"logo\":{\"@type\":\"ImageObject\",\"@id\":\"https:\/\/moderniza.me\/virtualx\/#logo\",\"inLanguage\":\"pt-BR\",\"url\":\"https:\/\/moderniza.me\/virtualx\/wp-content\/uploads\/sites\/73\/2021\/01\/logo-2.jpg\",\"width\":333,\"height\":130,\"caption\":\"Virtual X\"},\"image\":{\"@id\":\"https:\/\/moderniza.me\/virtualx\/#logo\"}},{\"@type\":\"WebSite\",\"@id\":\"https:\/\/moderniza.me\/virtualx\/#website\",\"url\":\"https:\/\/moderniza.me\/virtualx\/\",\"name\":\"\",\"description\":\"Compre Online de Lojas Virtuais\",\"publisher\":{\"@id\":\"https:\/\/moderniza.me\/virtualx\/#organization\"},\"potentialAction\":[{\"@type\":\"SearchAction\",\"target\":\"https:\/\/moderniza.me\/virtualx\/?s={search_term_string}\",\"query-input\":\"required name=search_term_string\"}],\"inLanguage\":\"pt-BR\"},{\"@type\":\"ImageObject\",\"@id\":\"https:\/\/moderniza.me\/virtualx\/product\/mini-pdv-m10\/#primaryimage\",\"inLanguage\":\"pt-BR\",\"url\":\"https:\/\/moderniza.me\/virtualx\/wp-content\/uploads\/sites\/73\/2023\/01\/3398_0.png\",\"width\":577,\"height\":404,\"caption\":\"Mini PDV M10\"},{\"@type\":[\"WebPage\",\"ItemPage\"],\"@id\":\"https:\/\/moderniza.me\/virtualx\/product\/mini-pdv-m10\/#webpage\",\"url\":\"https:\/\/moderniza.me\/virtualx\/product\/mini-pdv-m10\/\",\"name\":\"Mini PDV M10 &ndash;\",\"isPartOf\":{\"@id\":\"https:\/\/moderniza.me\/virtualx\/#website\"},\"primaryImageOfPage\":{\"@id\":\"https:\/\/moderniza.me\/virtualx\/product\/mini-pdv-m10\/#primaryimage\"},\"datePublished\":\"2023-01-16T11:37:26+00:00\",\"dateModified\":\"2023-05-04T19:22:05+00:00\",\"inLanguage\":\"pt-BR\",\"potentialAction\":[{\"@type\":\"ReadAction\",\"target\":[\"https:\/\/moderniza.me\/virtualx\/product\/mini-pdv-m10\/\"]}]}]}<\/script>\n<!-- \/ Yoast SEO plugin. -->","_links":{"self":[{"href":"https:\/\/moderniza.me\/virtualx\/wp-json\/wp\/v2\/product\/885"}],"collection":[{"href":"https:\/\/moderniza.me\/virtualx\/wp-json\/wp\/v2\/product"}],"about":[{"href":"https:\/\/moderniza.me\/virtualx\/wp-json\/wp\/v2\/types\/product"}],"replies":[{"embeddable":true,"href":"https:\/\/moderniza.me\/virtualx\/wp-json\/wp\/v2\/comments?post=885"}],"wp:featuredmedia":[{"embeddable":true,"href":"https:\/\/moderniza.me\/virtualx\/wp-json\/wp\/v2\/media\/884"}],"wp:attachment":[{"href":"https:\/\/moderniza.me\/virtualx\/wp-json\/wp\/v2\/media?parent=885"}],"curies":[{"name":"wp","href":"https:\/\/api.w.org\/{rel}","templated":true}]}}