
{"id":846,"date":"2021-02-04T10:17:23","date_gmt":"2021-02-04T13:17:23","guid":{"rendered":"https:\/\/moderniza.me\/virtualx\/product\/leitor-de-mao-el250-2d-usb\/"},"modified":"2023-03-30T09:29:35","modified_gmt":"2023-03-30T12:29:35","slug":"leitor-de-mao-el250-2d-usb","status":"publish","type":"product","link":"https:\/\/moderniza.me\/virtualx\/product\/leitor-de-mao-el250-2d-usb\/","title":{"rendered":"LEITOR DE MAO EL250 2D USB"},"content":{"rendered":"<p>Marca: Elgin<\/p>\n<p>Leitor C\u00f3digo de Barras EL250 1D e 2D Area Imager USB com suporte Elgin<\/p>\n<p>O leitor de c\u00f3digo de barras EL250 conta com tecnologia que permite a leitura de c\u00f3digos de barra em qualquer posi\u00e7\u00e3o, facilitando ainda mais a ergonomia para o operador. O EL250 \u00e9 capaz e ler em alta velocidade c\u00f3digos de barras 1D e 2D, e ainda pode ler na tela do computador, celular e aparelhos similares. O EL250 l\u00ea com facilidade os padr\u00f5es de c\u00f3digo EAN 13, Danfes, boletos banc\u00e1rios, QRcode entre v\u00e1rios outros. Com design clean e ergon\u00f4mico, extremamente leve, suporte para leitura autom\u00e1tica tudo desenvolvido para proporcionar maior conforto e efici\u00eancia.<\/p>\n","protected":false},"excerpt":{"rendered":"<p>LEITOR DE MAO EL250 2D USB<\/p>\n","protected":false},"featured_media":845,"comment_status":"open","ping_status":"closed","template":"","meta":[],"yoast_head":"<!-- This site is optimized with the Yoast SEO plugin v15.7 - https:\/\/yoast.com\/wordpress\/plugins\/seo\/ -->\n<title>LEITOR DE MAO EL250 2D USB &ndash;<\/title>\n<meta name=\"robots\" content=\"index, follow, max-snippet:-1, max-image-preview:large, max-video-preview:-1\" \/>\n<link rel=\"canonical\" href=\"https:\/\/moderniza.me\/virtualx\/product\/leitor-de-mao-el250-2d-usb\/\" \/>\n<meta property=\"og:locale\" content=\"pt_BR\" \/>\n<meta property=\"og:type\" content=\"article\" \/>\n<meta property=\"og:title\" content=\"LEITOR DE MAO EL250 2D USB &ndash;\" \/>\n<meta property=\"og:description\" content=\"LEITOR DE MAO EL250 2D USB\" \/>\n<meta property=\"og:url\" content=\"https:\/\/moderniza.me\/virtualx\/product\/leitor-de-mao-el250-2d-usb\/\" \/>\n<meta property=\"article:modified_time\" content=\"2023-03-30T12:29:35+00:00\" \/>\n<meta property=\"og:image\" content=\"https:\/\/moderniza.me\/virtualx\/wp-content\/uploads\/sites\/73\/2021\/02\/3348_0.jpg\" \/>\n\t<meta property=\"og:image:width\" content=\"606\" \/>\n\t<meta property=\"og:image:height\" content=\"467\" \/>\n<meta name=\"twitter:card\" content=\"summary_large_image\" \/>\n<meta name=\"twitter:label1\" content=\"Est. reading time\">\n\t<meta name=\"twitter:data1\" content=\"1 minuto\">\n<script type=\"application\/ld+json\" class=\"yoast-schema-graph\">{\"@context\":\"https:\/\/schema.org\",\"@graph\":[{\"@type\":\"Organization\",\"@id\":\"https:\/\/moderniza.me\/virtualx\/#organization\",\"name\":\"Virtual X\",\"url\":\"https:\/\/moderniza.me\/virtualx\/\",\"sameAs\":[],\"logo\":{\"@type\":\"ImageObject\",\"@id\":\"https:\/\/moderniza.me\/virtualx\/#logo\",\"inLanguage\":\"pt-BR\",\"url\":\"https:\/\/moderniza.me\/virtualx\/wp-content\/uploads\/sites\/73\/2021\/01\/logo-2.jpg\",\"width\":333,\"height\":130,\"caption\":\"Virtual X\"},\"image\":{\"@id\":\"https:\/\/moderniza.me\/virtualx\/#logo\"}},{\"@type\":\"WebSite\",\"@id\":\"https:\/\/moderniza.me\/virtualx\/#website\",\"url\":\"https:\/\/moderniza.me\/virtualx\/\",\"name\":\"\",\"description\":\"Compre Online de Lojas Virtuais\",\"publisher\":{\"@id\":\"https:\/\/moderniza.me\/virtualx\/#organization\"},\"potentialAction\":[{\"@type\":\"SearchAction\",\"target\":\"https:\/\/moderniza.me\/virtualx\/?s={search_term_string}\",\"query-input\":\"required name=search_term_string\"}],\"inLanguage\":\"pt-BR\"},{\"@type\":\"ImageObject\",\"@id\":\"https:\/\/moderniza.me\/virtualx\/product\/leitor-de-mao-el250-2d-usb\/#primaryimage\",\"inLanguage\":\"pt-BR\",\"url\":\"https:\/\/moderniza.me\/virtualx\/wp-content\/uploads\/sites\/73\/2021\/02\/3348_0.jpg\",\"width\":606,\"height\":467},{\"@type\":[\"WebPage\",\"ItemPage\"],\"@id\":\"https:\/\/moderniza.me\/virtualx\/product\/leitor-de-mao-el250-2d-usb\/#webpage\",\"url\":\"https:\/\/moderniza.me\/virtualx\/product\/leitor-de-mao-el250-2d-usb\/\",\"name\":\"LEITOR DE MAO EL250 2D USB &ndash;\",\"isPartOf\":{\"@id\":\"https:\/\/moderniza.me\/virtualx\/#website\"},\"primaryImageOfPage\":{\"@id\":\"https:\/\/moderniza.me\/virtualx\/product\/leitor-de-mao-el250-2d-usb\/#primaryimage\"},\"datePublished\":\"2021-02-04T13:17:23+00:00\",\"dateModified\":\"2023-03-30T12:29:35+00:00\",\"inLanguage\":\"pt-BR\",\"potentialAction\":[{\"@type\":\"ReadAction\",\"target\":[\"https:\/\/moderniza.me\/virtualx\/product\/leitor-de-mao-el250-2d-usb\/\"]}]}]}<\/script>\n<!-- \/ Yoast SEO plugin. -->","_links":{"self":[{"href":"https:\/\/moderniza.me\/virtualx\/wp-json\/wp\/v2\/product\/846"}],"collection":[{"href":"https:\/\/moderniza.me\/virtualx\/wp-json\/wp\/v2\/product"}],"about":[{"href":"https:\/\/moderniza.me\/virtualx\/wp-json\/wp\/v2\/types\/product"}],"replies":[{"embeddable":true,"href":"https:\/\/moderniza.me\/virtualx\/wp-json\/wp\/v2\/comments?post=846"}],"wp:featuredmedia":[{"embeddable":true,"href":"https:\/\/moderniza.me\/virtualx\/wp-json\/wp\/v2\/media\/845"}],"wp:attachment":[{"href":"https:\/\/moderniza.me\/virtualx\/wp-json\/wp\/v2\/media?parent=846"}],"curies":[{"name":"wp","href":"https:\/\/api.w.org\/{rel}","templated":true}]}}