
{"id":681,"date":"2021-01-29T09:46:58","date_gmt":"2021-01-29T12:46:58","guid":{"rendered":"https:\/\/moderniza.me\/virtualx\/product\/microterminal-gertec-mt-720\/"},"modified":"2023-03-17T16:27:31","modified_gmt":"2023-03-17T19:27:31","slug":"microterminal-gertec-mt-720","status":"publish","type":"product","link":"https:\/\/moderniza.me\/virtualx\/product\/microterminal-gertec-mt-720\/","title":{"rendered":"MICROTERMINAL GERTEC MT 720"},"content":{"rendered":"<p>Marca: Gertec<br \/>\n O MT720 \u00e9 um Microterminal ideal para aplica\u00e7\u00f5es de cart\u00e3o de consumo, como em padarias, bares, lanchonetes, restaurantes, entre outros. O produto possui 20 teclas program\u00e1veis para f\u00e1cil automatiza\u00e7\u00e3o. Acompanha ferramenta de desenvolvimento e integra\u00e7\u00e3o com outros sistemas. O MT720 possui exclusiva pel\u00edcula protetora de silicone para evitar empoeiramento ou queda de l\u00edquidos no teclado.<\/p>\n","protected":false},"excerpt":{"rendered":"<p>MICROTERMINAL GERTEC MT 720<\/p>\n","protected":false},"featured_media":686,"comment_status":"open","ping_status":"closed","template":"","meta":[],"yoast_head":"<!-- This site is optimized with the Yoast SEO plugin v15.7 - https:\/\/yoast.com\/wordpress\/plugins\/seo\/ -->\n<title>MICROTERMINAL GERTEC MT 720 &ndash;<\/title>\n<meta name=\"robots\" content=\"index, follow, max-snippet:-1, max-image-preview:large, max-video-preview:-1\" \/>\n<link rel=\"canonical\" href=\"https:\/\/moderniza.me\/virtualx\/product\/microterminal-gertec-mt-720\/\" \/>\n<meta property=\"og:locale\" content=\"pt_BR\" \/>\n<meta property=\"og:type\" content=\"article\" \/>\n<meta property=\"og:title\" content=\"MICROTERMINAL GERTEC MT 720 &ndash;\" \/>\n<meta property=\"og:description\" content=\"MICROTERMINAL GERTEC MT 720\" \/>\n<meta property=\"og:url\" content=\"https:\/\/moderniza.me\/virtualx\/product\/microterminal-gertec-mt-720\/\" \/>\n<meta property=\"article:modified_time\" content=\"2023-03-17T19:27:31+00:00\" \/>\n<meta property=\"og:image\" content=\"https:\/\/moderniza.me\/virtualx\/wp-content\/uploads\/sites\/73\/2021\/01\/3095_0.png\" \/>\n\t<meta property=\"og:image:width\" content=\"340\" \/>\n\t<meta property=\"og:image:height\" content=\"407\" \/>\n<meta name=\"twitter:card\" content=\"summary_large_image\" \/>\n<script type=\"application\/ld+json\" class=\"yoast-schema-graph\">{\"@context\":\"https:\/\/schema.org\",\"@graph\":[{\"@type\":\"Organization\",\"@id\":\"https:\/\/moderniza.me\/virtualx\/#organization\",\"name\":\"Virtual X\",\"url\":\"https:\/\/moderniza.me\/virtualx\/\",\"sameAs\":[],\"logo\":{\"@type\":\"ImageObject\",\"@id\":\"https:\/\/moderniza.me\/virtualx\/#logo\",\"inLanguage\":\"pt-BR\",\"url\":\"https:\/\/moderniza.me\/virtualx\/wp-content\/uploads\/sites\/73\/2021\/01\/logo-2.jpg\",\"width\":333,\"height\":130,\"caption\":\"Virtual X\"},\"image\":{\"@id\":\"https:\/\/moderniza.me\/virtualx\/#logo\"}},{\"@type\":\"WebSite\",\"@id\":\"https:\/\/moderniza.me\/virtualx\/#website\",\"url\":\"https:\/\/moderniza.me\/virtualx\/\",\"name\":\"\",\"description\":\"Compre Online de Lojas Virtuais\",\"publisher\":{\"@id\":\"https:\/\/moderniza.me\/virtualx\/#organization\"},\"potentialAction\":[{\"@type\":\"SearchAction\",\"target\":\"https:\/\/moderniza.me\/virtualx\/?s={search_term_string}\",\"query-input\":\"required name=search_term_string\"}],\"inLanguage\":\"pt-BR\"},{\"@type\":\"ImageObject\",\"@id\":\"https:\/\/moderniza.me\/virtualx\/product\/microterminal-gertec-mt-720\/#primaryimage\",\"inLanguage\":\"pt-BR\",\"url\":\"https:\/\/moderniza.me\/virtualx\/wp-content\/uploads\/sites\/73\/2021\/01\/3095_0.png\",\"width\":340,\"height\":407},{\"@type\":[\"WebPage\",\"ItemPage\"],\"@id\":\"https:\/\/moderniza.me\/virtualx\/product\/microterminal-gertec-mt-720\/#webpage\",\"url\":\"https:\/\/moderniza.me\/virtualx\/product\/microterminal-gertec-mt-720\/\",\"name\":\"MICROTERMINAL GERTEC MT 720 &ndash;\",\"isPartOf\":{\"@id\":\"https:\/\/moderniza.me\/virtualx\/#website\"},\"primaryImageOfPage\":{\"@id\":\"https:\/\/moderniza.me\/virtualx\/product\/microterminal-gertec-mt-720\/#primaryimage\"},\"datePublished\":\"2021-01-29T12:46:58+00:00\",\"dateModified\":\"2023-03-17T19:27:31+00:00\",\"inLanguage\":\"pt-BR\",\"potentialAction\":[{\"@type\":\"ReadAction\",\"target\":[\"https:\/\/moderniza.me\/virtualx\/product\/microterminal-gertec-mt-720\/\"]}]}]}<\/script>\n<!-- \/ Yoast SEO plugin. -->","_links":{"self":[{"href":"https:\/\/moderniza.me\/virtualx\/wp-json\/wp\/v2\/product\/681"}],"collection":[{"href":"https:\/\/moderniza.me\/virtualx\/wp-json\/wp\/v2\/product"}],"about":[{"href":"https:\/\/moderniza.me\/virtualx\/wp-json\/wp\/v2\/types\/product"}],"replies":[{"embeddable":true,"href":"https:\/\/moderniza.me\/virtualx\/wp-json\/wp\/v2\/comments?post=681"}],"wp:featuredmedia":[{"embeddable":true,"href":"https:\/\/moderniza.me\/virtualx\/wp-json\/wp\/v2\/media\/686"}],"wp:attachment":[{"href":"https:\/\/moderniza.me\/virtualx\/wp-json\/wp\/v2\/media?parent=681"}],"curies":[{"name":"wp","href":"https:\/\/api.w.org\/{rel}","templated":true}]}}