
{"id":587,"date":"2020-08-27T14:54:47","date_gmt":"2020-08-27T17:54:47","guid":{"rendered":"https:\/\/moderniza.me\/sandestec\/product\/fonte-eletronica-12v\/"},"modified":"2020-08-28T15:50:15","modified_gmt":"2020-08-28T18:50:15","slug":"fonte-eletronica-12v","status":"publish","type":"product","link":"https:\/\/moderniza.me\/sandestec\/product\/fonte-eletronica-12v\/","title":{"rendered":"Fonte Eletr\u00f4nica 12V"},"content":{"rendered":"<p>Marca: FC<br \/>\nTens\u00e3o de Alimenta\u00e7\u00e3o: 127V ou 220V ajuste autom\u00e1tico<br \/>\nTens\u00e3o de sa\u00edda: 12 Vcc<br \/>\nCorrente de sa\u00edda: 1 Amp<br \/>\nPotencia m\u00e1xima: 12 Watts<\/p>\n<p>Padr\u00e3o INMETRO de tomada 2 pinos<\/p>\n<p>Tamanho do plug de sa\u00edda (P4)<br \/>\nDi\u00e2metro interno: 2,1 mm<br \/>\nDi\u00e2metro externo: 5,5 mm<\/p>\n","protected":false},"excerpt":{"rendered":"<p>Fonte Eletr\u00f4nica 12V<\/p>\n","protected":false},"featured_media":608,"comment_status":"open","ping_status":"closed","template":"","meta":[],"yoast_head":"<!-- This site is optimized with the Yoast SEO plugin v15.7 - https:\/\/yoast.com\/wordpress\/plugins\/seo\/ -->\n<title>Fonte Eletr\u00f4nica 12V - Sandes Tecnologia<\/title>\n<meta name=\"robots\" content=\"index, follow, max-snippet:-1, max-image-preview:large, max-video-preview:-1\" \/>\n<link rel=\"canonical\" href=\"https:\/\/moderniza.me\/sandestec\/product\/fonte-eletronica-12v\/\" \/>\n<meta property=\"og:locale\" content=\"pt_BR\" \/>\n<meta property=\"og:type\" content=\"article\" \/>\n<meta property=\"og:title\" content=\"Fonte Eletr\u00f4nica 12V - Sandes Tecnologia\" \/>\n<meta property=\"og:description\" content=\"Fonte Eletr\u00f4nica 12V\" \/>\n<meta property=\"og:url\" content=\"https:\/\/moderniza.me\/sandestec\/product\/fonte-eletronica-12v\/\" \/>\n<meta property=\"og:site_name\" content=\"Sandes Tecnologia\" \/>\n<meta property=\"article:modified_time\" content=\"2020-08-28T18:50:15+00:00\" \/>\n<meta property=\"og:image\" content=\"https:\/\/moderniza.me\/sandestec\/wp-content\/uploads\/sites\/29\/2020\/08\/download-4.jpeg\" \/>\n\t<meta property=\"og:image:width\" content=\"207\" \/>\n\t<meta property=\"og:image:height\" content=\"243\" \/>\n<meta name=\"twitter:card\" content=\"summary_large_image\" \/>\n<script type=\"application\/ld+json\" class=\"yoast-schema-graph\">{\"@context\":\"https:\/\/schema.org\",\"@graph\":[{\"@type\":\"WebSite\",\"@id\":\"https:\/\/moderniza.me\/sandestec\/#website\",\"url\":\"https:\/\/moderniza.me\/sandestec\/\",\"name\":\"Sandes Tecnologia\",\"description\":\"Compre Online de Lojas Locais\",\"potentialAction\":[{\"@type\":\"SearchAction\",\"target\":\"https:\/\/moderniza.me\/sandestec\/?s={search_term_string}\",\"query-input\":\"required name=search_term_string\"}],\"inLanguage\":\"pt-BR\"},{\"@type\":\"ImageObject\",\"@id\":\"https:\/\/moderniza.me\/sandestec\/product\/fonte-eletronica-12v\/#primaryimage\",\"inLanguage\":\"pt-BR\",\"url\":\"https:\/\/moderniza.me\/sandestec\/wp-content\/uploads\/sites\/29\/2020\/08\/download-4.jpeg\",\"width\":207,\"height\":243},{\"@type\":\"WebPage\",\"@id\":\"https:\/\/moderniza.me\/sandestec\/product\/fonte-eletronica-12v\/#webpage\",\"url\":\"https:\/\/moderniza.me\/sandestec\/product\/fonte-eletronica-12v\/\",\"name\":\"Fonte Eletr\\u00f4nica 12V - Sandes Tecnologia\",\"isPartOf\":{\"@id\":\"https:\/\/moderniza.me\/sandestec\/#website\"},\"primaryImageOfPage\":{\"@id\":\"https:\/\/moderniza.me\/sandestec\/product\/fonte-eletronica-12v\/#primaryimage\"},\"datePublished\":\"2020-08-27T17:54:47+00:00\",\"dateModified\":\"2020-08-28T18:50:15+00:00\",\"inLanguage\":\"pt-BR\",\"potentialAction\":[{\"@type\":\"ReadAction\",\"target\":[\"https:\/\/moderniza.me\/sandestec\/product\/fonte-eletronica-12v\/\"]}]}]}<\/script>\n<!-- \/ Yoast SEO plugin. -->","_links":{"self":[{"href":"https:\/\/moderniza.me\/sandestec\/wp-json\/wp\/v2\/product\/587"}],"collection":[{"href":"https:\/\/moderniza.me\/sandestec\/wp-json\/wp\/v2\/product"}],"about":[{"href":"https:\/\/moderniza.me\/sandestec\/wp-json\/wp\/v2\/types\/product"}],"replies":[{"embeddable":true,"href":"https:\/\/moderniza.me\/sandestec\/wp-json\/wp\/v2\/comments?post=587"}],"wp:featuredmedia":[{"embeddable":true,"href":"https:\/\/moderniza.me\/sandestec\/wp-json\/wp\/v2\/media\/608"}],"wp:attachment":[{"href":"https:\/\/moderniza.me\/sandestec\/wp-json\/wp\/v2\/media?parent=587"}],"curies":[{"name":"wp","href":"https:\/\/api.w.org\/{rel}","templated":true}]}}