
{"id":559,"date":"2020-08-24T15:39:09","date_gmt":"2020-08-24T18:39:09","guid":{"rendered":"https:\/\/moderniza.me\/sandestec\/product\/impressora-termica-de-etiquetas-l42-pro\/"},"modified":"2020-08-26T10:43:52","modified_gmt":"2020-08-26T13:43:52","slug":"impressora-termica-de-etiquetas-l42-pro","status":"publish","type":"product","link":"https:\/\/moderniza.me\/sandestec\/product\/impressora-termica-de-etiquetas-l42-pro\/","title":{"rendered":"Impressora T\u00e9rmica de Etiquetas L42 PRO"},"content":{"rendered":"<p>Marca: Elgin<br \/>\nCom Sensor De Etiquetas M\u00f3vel E Reconhecimento Autom\u00e1tico Das Linguagens EPL \/ ZPL \/ PPLA \/ PPLB, A L42PRO \u00c9 Super F\u00e1cil De Integrar Com Diversos Sistemas.<br \/>\nAcompanha Software Gratuito Para Criar Etiquetas: Bartender Ultralite.<br \/>\nPossui Conex\u00e3o USB Padr\u00e3o, E Mais Uma Opcional, Que Pode Ser: Rede Ethernet, Serial Ou Paralela.<br \/>\nOs Leds Indicadores Tem A Descri\u00e7\u00e3o Em Portugu\u00eas, De Forma Que Mesmo Um Operador N\u00e3o Treinado Pode Identificar E Solucionar Rapidamente Eventuais Problemas.<br \/>\nTamanho M\u00e1ximo Do Ribbon: 91M.<br \/>\nVelocidade De Impress\u00e3o:102Mm\/S.<\/p>\n","protected":false},"excerpt":{"rendered":"<p>Impressora T\u00e9rmica de Etiquetas L42 PRO<\/p>\n","protected":false},"featured_media":572,"comment_status":"open","ping_status":"closed","template":"","meta":[],"yoast_head":"<!-- This site is optimized with the Yoast SEO plugin v15.7 - https:\/\/yoast.com\/wordpress\/plugins\/seo\/ -->\n<title>Impressora T\u00e9rmica de Etiquetas L42 PRO - Sandes Tecnologia<\/title>\n<meta name=\"robots\" content=\"index, follow, max-snippet:-1, max-image-preview:large, max-video-preview:-1\" \/>\n<link rel=\"canonical\" href=\"https:\/\/moderniza.me\/sandestec\/product\/impressora-termica-de-etiquetas-l42-pro\/\" \/>\n<meta property=\"og:locale\" content=\"pt_BR\" \/>\n<meta property=\"og:type\" content=\"article\" \/>\n<meta property=\"og:title\" content=\"Impressora T\u00e9rmica de Etiquetas L42 PRO - Sandes Tecnologia\" \/>\n<meta property=\"og:description\" content=\"Impressora T\u00e9rmica de Etiquetas L42 PRO\" \/>\n<meta property=\"og:url\" content=\"https:\/\/moderniza.me\/sandestec\/product\/impressora-termica-de-etiquetas-l42-pro\/\" \/>\n<meta property=\"og:site_name\" content=\"Sandes Tecnologia\" \/>\n<meta property=\"article:modified_time\" content=\"2020-08-26T13:43:52+00:00\" \/>\n<meta property=\"og:image\" content=\"https:\/\/moderniza.me\/sandestec\/wp-content\/uploads\/sites\/29\/2020\/08\/595028006_L42_Pro_1_595028006.jpg\" \/>\n\t<meta property=\"og:image:width\" content=\"800\" \/>\n\t<meta property=\"og:image:height\" content=\"800\" \/>\n<meta name=\"twitter:card\" content=\"summary_large_image\" \/>\n<script type=\"application\/ld+json\" class=\"yoast-schema-graph\">{\"@context\":\"https:\/\/schema.org\",\"@graph\":[{\"@type\":\"WebSite\",\"@id\":\"https:\/\/moderniza.me\/sandestec\/#website\",\"url\":\"https:\/\/moderniza.me\/sandestec\/\",\"name\":\"Sandes Tecnologia\",\"description\":\"Compre Online de Lojas Locais\",\"potentialAction\":[{\"@type\":\"SearchAction\",\"target\":\"https:\/\/moderniza.me\/sandestec\/?s={search_term_string}\",\"query-input\":\"required name=search_term_string\"}],\"inLanguage\":\"pt-BR\"},{\"@type\":\"ImageObject\",\"@id\":\"https:\/\/moderniza.me\/sandestec\/product\/impressora-termica-de-etiquetas-l42-pro\/#primaryimage\",\"inLanguage\":\"pt-BR\",\"url\":\"https:\/\/moderniza.me\/sandestec\/wp-content\/uploads\/sites\/29\/2020\/08\/595028006_L42_Pro_1_595028006.jpg\",\"width\":800,\"height\":800},{\"@type\":\"WebPage\",\"@id\":\"https:\/\/moderniza.me\/sandestec\/product\/impressora-termica-de-etiquetas-l42-pro\/#webpage\",\"url\":\"https:\/\/moderniza.me\/sandestec\/product\/impressora-termica-de-etiquetas-l42-pro\/\",\"name\":\"Impressora T\\u00e9rmica de Etiquetas L42 PRO - Sandes Tecnologia\",\"isPartOf\":{\"@id\":\"https:\/\/moderniza.me\/sandestec\/#website\"},\"primaryImageOfPage\":{\"@id\":\"https:\/\/moderniza.me\/sandestec\/product\/impressora-termica-de-etiquetas-l42-pro\/#primaryimage\"},\"datePublished\":\"2020-08-24T18:39:09+00:00\",\"dateModified\":\"2020-08-26T13:43:52+00:00\",\"inLanguage\":\"pt-BR\",\"potentialAction\":[{\"@type\":\"ReadAction\",\"target\":[\"https:\/\/moderniza.me\/sandestec\/product\/impressora-termica-de-etiquetas-l42-pro\/\"]}]}]}<\/script>\n<!-- \/ Yoast SEO plugin. -->","_links":{"self":[{"href":"https:\/\/moderniza.me\/sandestec\/wp-json\/wp\/v2\/product\/559"}],"collection":[{"href":"https:\/\/moderniza.me\/sandestec\/wp-json\/wp\/v2\/product"}],"about":[{"href":"https:\/\/moderniza.me\/sandestec\/wp-json\/wp\/v2\/types\/product"}],"replies":[{"embeddable":true,"href":"https:\/\/moderniza.me\/sandestec\/wp-json\/wp\/v2\/comments?post=559"}],"wp:featuredmedia":[{"embeddable":true,"href":"https:\/\/moderniza.me\/sandestec\/wp-json\/wp\/v2\/media\/572"}],"wp:attachment":[{"href":"https:\/\/moderniza.me\/sandestec\/wp-json\/wp\/v2\/media?parent=559"}],"curies":[{"name":"wp","href":"https:\/\/api.w.org\/{rel}","templated":true}]}}