
{"id":10034,"date":"2026-09-03T16:58:17","date_gmt":"2026-09-03T19:58:17","guid":{"rendered":"https:\/\/moderniza.me\/juventude\/?post_type=product&#038;p=10034"},"modified":"2026-09-03T19:55:15","modified_gmt":"2026-09-03T22:55:15","slug":"camisa-oficial-2026-1-listrada-masculina-parmalat","status":"publish","type":"product","link":"https:\/\/moderniza.me\/juventude\/product\/camisa-oficial-2026-1-listrada-masculina-parmalat\/","title":{"rendered":"CAMISA OFICIAL 2026\/1 LISTRADA MASCULINA  + PARMALAT"},"content":{"rendered":"<p><a href=\"https:\/\/moderniza.me\/juventude\/wp-content\/uploads\/sites\/45\/2025\/11\/2026-01-masculino-frente-1-scaled.jpg\"><img loading=\"lazy\" class=\"alignnone size-medium wp-image-8498\" src=\"https:\/\/moderniza.me\/juventude\/wp-content\/uploads\/sites\/45\/2025\/11\/2026-01-masculino-frente-1-240x300.jpg\" alt=\"\" width=\"240\" height=\"300\" srcset=\"https:\/\/moderniza.me\/juventude\/wp-content\/uploads\/sites\/45\/2025\/11\/2026-01-masculino-frente-1-240x300.jpg 240w, https:\/\/moderniza.me\/juventude\/wp-content\/uploads\/sites\/45\/2025\/11\/2026-01-masculino-frente-1-819x1024.jpg 819w, https:\/\/moderniza.me\/juventude\/wp-content\/uploads\/sites\/45\/2025\/11\/2026-01-masculino-frente-1-768x960.jpg 768w, https:\/\/moderniza.me\/juventude\/wp-content\/uploads\/sites\/45\/2025\/11\/2026-01-masculino-frente-1-1229x1536.jpg 1229w, https:\/\/moderniza.me\/juventude\/wp-content\/uploads\/sites\/45\/2025\/11\/2026-01-masculino-frente-1-1638x2048.jpg 1638w, https:\/\/moderniza.me\/juventude\/wp-content\/uploads\/sites\/45\/2025\/11\/2026-01-masculino-frente-1-10x12.jpg 10w, https:\/\/moderniza.me\/juventude\/wp-content\/uploads\/sites\/45\/2025\/11\/2026-01-masculino-frente-1-370x463.jpg 370w, https:\/\/moderniza.me\/juventude\/wp-content\/uploads\/sites\/45\/2025\/11\/2026-01-masculino-frente-1-760x950.jpg 760w, https:\/\/moderniza.me\/juventude\/wp-content\/uploads\/sites\/45\/2025\/11\/2026-01-masculino-frente-1-600x750.jpg 600w, https:\/\/moderniza.me\/juventude\/wp-content\/uploads\/sites\/45\/2025\/11\/2026-01-masculino-frente-1-scaled.jpg 2048w\" sizes=\"(max-width: 240px) 100vw, 240px\" \/><\/a><\/p>\n","protected":false},"excerpt":{"rendered":"<p>Camisa oficial 2026 + PARMALAT <\/p>\n<p>Mais de duas d\u00e9cadas depois, a Parmalat est\u00e1 de volta \u00e0 camisa do Juventude. O reencontro come\u00e7a amanh\u00e3 (01\/09\/2026), diante do Londrina, no Est\u00e1dio VGD e se repete no s\u00e1bado (05\/09\/2026), contra o Atl\u00e9tico-GO, no Alfredo Jaconi, em dois compromissos pela S\u00e9rie B.<\/p>\n<p>Por duas partidas, uma marca que faz parte da mem\u00f3ria de tantos Jaconeros volta a ocupar um espa\u00e7o especial na nossa camisa. \u00c9 uma a\u00e7\u00e3o constru\u00edda a partir da nostalgia, do afeto e da vontade de revisitar um per\u00edodo inesquec\u00edvel da hist\u00f3ria do Juventude.<\/p>\n<p>O reencontro faz parte, ainda, das celebra\u00e7\u00f5es dos dez anos da 19Treze, marca pr\u00f3pria do Juventude, criada em 2016.<\/p>\n<p>D\u00favidas entre em contato conosco pelo WhatsApp +55 54 99390-2495<\/p>\n<p>#Juventude2026 #19Treze<\/p>\n","protected":false},"featured_media":10043,"template":"","meta":{"spay_email":""},"yoast_head":"<!-- This site is optimized with the Yoast SEO plugin v15.7 - https:\/\/yoast.com\/wordpress\/plugins\/seo\/ -->\n<title>CAMISA OFICIAL 2026\/1 LISTRADA MASCULINA + PARMALAT - Loja do Juventude<\/title>\n<meta name=\"description\" content=\"Diante da maior trag\u00e9dia ambiental no nosso Estado, nossos n\u00fameros v\u00e3o carregar as cores do Rio Grande do Sul, chamando a aten\u00e7\u00e3o para que as colabora\u00e7\u00f5es continuem e as fam\u00edlias atingidas sigam recebendo o suporte para que retomem suas vidas o mais r\u00e1pido poss\u00edvel.\" \/>\n<meta name=\"robots\" content=\"index, follow, max-snippet:-1, max-image-preview:large, max-video-preview:-1\" \/>\n<link rel=\"canonical\" href=\"https:\/\/moderniza.me\/juventude\/product\/camisa-oficial-2026-1-listrada-masculina-parmalat\/\" \/>\n<meta property=\"og:locale\" content=\"pt_BR\" \/>\n<meta property=\"og:type\" content=\"article\" \/>\n<meta property=\"og:title\" content=\"CAMISA OFICIAL 2026\/1 LISTRADA MASCULINA + PARMALAT - Loja do Juventude\" \/>\n<meta property=\"og:description\" content=\"Diante da maior trag\u00e9dia ambiental no nosso Estado, nossos n\u00fameros v\u00e3o carregar as cores do Rio Grande do Sul, chamando a aten\u00e7\u00e3o para que as colabora\u00e7\u00f5es continuem e as fam\u00edlias atingidas sigam recebendo o suporte para que retomem suas vidas o mais r\u00e1pido poss\u00edvel.\" \/>\n<meta property=\"og:url\" content=\"https:\/\/moderniza.me\/juventude\/product\/camisa-oficial-2026-1-listrada-masculina-parmalat\/\" \/>\n<meta property=\"og:site_name\" content=\"Loja do Juventude\" \/>\n<meta property=\"article:modified_time\" content=\"2026-09-03T22:55:15+00:00\" \/>\n<meta property=\"og:image\" content=\"https:\/\/moderniza.me\/juventude\/wp-content\/uploads\/sites\/45\/2026\/09\/791144654_18617499247051844_2010941161909639552_n-scaled.jpg\" \/>\n\t<meta property=\"og:image:width\" content=\"2560\" \/>\n\t<meta property=\"og:image:height\" content=\"1704\" \/>\n<meta name=\"twitter:card\" content=\"summary_large_image\" \/>\n<meta name=\"twitter:label1\" content=\"Est. reading time\">\n\t<meta name=\"twitter:data1\" content=\"1 minuto\">\n<script type=\"application\/ld+json\" class=\"yoast-schema-graph\">{\"@context\":\"https:\/\/schema.org\",\"@graph\":[{\"@type\":\"WebSite\",\"@id\":\"https:\/\/moderniza.me\/juventude\/#website\",\"url\":\"https:\/\/moderniza.me\/juventude\/\",\"name\":\"Loja do Juventude\",\"description\":\"\",\"potentialAction\":[{\"@type\":\"SearchAction\",\"target\":\"https:\/\/moderniza.me\/juventude\/?s={search_term_string}\",\"query-input\":\"required name=search_term_string\"}],\"inLanguage\":\"pt-BR\"},{\"@type\":\"ImageObject\",\"@id\":\"https:\/\/moderniza.me\/juventude\/product\/camisa-oficial-2026-1-listrada-masculina-parmalat\/#primaryimage\",\"inLanguage\":\"pt-BR\",\"url\":\"https:\/\/moderniza.me\/juventude\/wp-content\/uploads\/sites\/45\/2026\/09\/791144654_18617499247051844_2010941161909639552_n-scaled.jpg\",\"width\":2560,\"height\":1704},{\"@type\":\"WebPage\",\"@id\":\"https:\/\/moderniza.me\/juventude\/product\/camisa-oficial-2026-1-listrada-masculina-parmalat\/#webpage\",\"url\":\"https:\/\/moderniza.me\/juventude\/product\/camisa-oficial-2026-1-listrada-masculina-parmalat\/\",\"name\":\"CAMISA OFICIAL 2026\/1 LISTRADA MASCULINA + PARMALAT - Loja do Juventude\",\"isPartOf\":{\"@id\":\"https:\/\/moderniza.me\/juventude\/#website\"},\"primaryImageOfPage\":{\"@id\":\"https:\/\/moderniza.me\/juventude\/product\/camisa-oficial-2026-1-listrada-masculina-parmalat\/#primaryimage\"},\"datePublished\":\"2026-09-03T19:58:17+00:00\",\"dateModified\":\"2026-09-03T22:55:15+00:00\",\"description\":\"Diante da maior trag\\u00e9dia ambiental no nosso Estado, nossos n\\u00fameros v\\u00e3o carregar as cores do Rio Grande do Sul, chamando a aten\\u00e7\\u00e3o para que as colabora\\u00e7\\u00f5es continuem e as fam\\u00edlias atingidas sigam recebendo o suporte para que retomem suas vidas o mais r\\u00e1pido poss\\u00edvel.\",\"inLanguage\":\"pt-BR\",\"potentialAction\":[{\"@type\":\"ReadAction\",\"target\":[\"https:\/\/moderniza.me\/juventude\/product\/camisa-oficial-2026-1-listrada-masculina-parmalat\/\"]}]}]}<\/script>\n<!-- \/ Yoast SEO plugin. -->","_links":{"self":[{"href":"https:\/\/moderniza.me\/juventude\/wp-json\/wp\/v2\/product\/10034"}],"collection":[{"href":"https:\/\/moderniza.me\/juventude\/wp-json\/wp\/v2\/product"}],"about":[{"href":"https:\/\/moderniza.me\/juventude\/wp-json\/wp\/v2\/types\/product"}],"wp:featuredmedia":[{"embeddable":true,"href":"https:\/\/moderniza.me\/juventude\/wp-json\/wp\/v2\/media\/10043"}],"wp:attachment":[{"href":"https:\/\/moderniza.me\/juventude\/wp-json\/wp\/v2\/media?parent=10034"}],"curies":[{"name":"wp","href":"https:\/\/api.w.org\/{rel}","templated":true}]}}

<p>Camisa oficial 2026 + PARMALAT </p>
<p>Mais de duas décadas depois, a Parmalat está de volta à camisa do Juventude. O reencontro começa amanhã (01/09/2026), diante do Londrina, no Estádio VGD e se repete no sábado (05/09/2026), contra o Atlético-GO, no Alfredo Jaconi, em dois compromissos pela Série B.</p>
<p>Por duas partidas, uma marca que faz parte da memória de tantos Jaconeros volta a ocupar um espaço especial na nossa camisa. É uma ação construída a partir da nostalgia, do afeto e da vontade de revisitar um período inesquecível da história do Juventude.</p>
<p>O reencontro faz parte, ainda, das celebrações dos dez anos da 19Treze, marca própria do Juventude, criada em 2016.</p>
<p>Dúvidas entre em contato conosco pelo WhatsApp +55 54 99390-2495</p>
<p>#Juventude2026 #19Treze</p>

<!-- This site is optimized with the Yoast SEO plugin v15.7 - https://yoast.com/wordpress/plugins/seo/ -->
<title>CAMISA OFICIAL 2026/1 LISTRADA MASCULINA + PARMALAT - Loja do Juventude</title>
<meta name="description" content="Diante da maior tragédia ambiental no nosso Estado, nossos números vão carregar as cores do Rio Grande do Sul, chamando a atenção para que as colaborações continuem e as famílias atingidas sigam recebendo o suporte para que retomem suas vidas o mais rápido possível." />
<meta name="robots" content="index, follow, max-snippet:-1, max-image-preview:large, max-video-preview:-1" />
<link rel="canonical" href="https://moderniza.me/juventude/product/camisa-oficial-2026-1-listrada-masculina-parmalat/" />
<meta property="og:locale" content="pt_BR" />
<meta property="og:type" content="article" />
<meta property="og:title" content="CAMISA OFICIAL 2026/1 LISTRADA MASCULINA + PARMALAT - Loja do Juventude" />
<meta property="og:description" content="Diante da maior tragédia ambiental no nosso Estado, nossos números vão carregar as cores do Rio Grande do Sul, chamando a atenção para que as colaborações continuem e as famílias atingidas sigam recebendo o suporte para que retomem suas vidas o mais rápido possível." />
<meta property="og:url" content="https://moderniza.me/juventude/product/camisa-oficial-2026-1-listrada-masculina-parmalat/" />
<meta property="og:site_name" content="Loja do Juventude" />
<meta property="article:modified_time" content="2026-09-03T22:55:15+00:00" />
<meta property="og:image" content="https://moderniza.me/juventude/wp-content/uploads/sites/45/2026/09/791144654_18617499247051844_2010941161909639552_n-scaled.jpg" />
	<meta property="og:image:width" content="2560" />
	<meta property="og:image:height" content="1704" />
<meta name="twitter:card" content="summary_large_image" />
<meta name="twitter:label1" content="Est. reading time">
	<meta name="twitter:data1" content="1 minuto">
<script type="application/ld+json" class="yoast-schema-graph">{"@context":"https://schema.org","@graph":[{"@type":"WebSite","@id":"https://moderniza.me/juventude/#website","url":"https://moderniza.me/juventude/","name":"Loja do Juventude","description":"","potentialAction":[{"@type":"SearchAction","target":"https://moderniza.me/juventude/?s={search_term_string}","query-input":"required name=search_term_string"}],"inLanguage":"pt-BR"},{"@type":"ImageObject","@id":"https://moderniza.me/juventude/product/camisa-oficial-2026-1-listrada-masculina-parmalat/#primaryimage","inLanguage":"pt-BR","url":"https://moderniza.me/juventude/wp-content/uploads/sites/45/2026/09/791144654_18617499247051844_2010941161909639552_n-scaled.jpg","width":2560,"height":1704},{"@type":"WebPage","@id":"https://moderniza.me/juventude/product/camisa-oficial-2026-1-listrada-masculina-parmalat/#webpage","url":"https://moderniza.me/juventude/product/camisa-oficial-2026-1-listrada-masculina-parmalat/","name":"CAMISA OFICIAL 2026/1 LISTRADA MASCULINA + PARMALAT - Loja do Juventude","isPartOf":{"@id":"https://moderniza.me/juventude/#website"},"primaryImageOfPage":{"@id":"https://moderniza.me/juventude/product/camisa-oficial-2026-1-listrada-masculina-parmalat/#primaryimage"},"datePublished":"2026-09-03T19:58:17+00:00","dateModified":"2026-09-03T22:55:15+00:00","description":"Diante da maior trag\u00e9dia ambiental no nosso Estado, nossos n\u00fameros v\u00e3o carregar as cores do Rio Grande do Sul, chamando a aten\u00e7\u00e3o para que as colabora\u00e7\u00f5es continuem e as fam\u00edlias atingidas sigam recebendo o suporte para que retomem suas vidas o mais r\u00e1pido poss\u00edvel.","inLanguage":"pt-BR","potentialAction":[{"@type":"ReadAction","target":["https://moderniza.me/juventude/product/camisa-oficial-2026-1-listrada-masculina-parmalat/"]}]}]}</script>
<!-- / Yoast SEO plugin. -->
