
{"id":438,"date":"2019-04-18T11:16:34","date_gmt":"2019-04-18T14:16:34","guid":{"rendered":"https:\/\/envothemes.com\/envo-ecommerce\/?page_id=53"},"modified":"2022-09-08T13:29:27","modified_gmt":"2022-09-08T16:29:27","slug":"sobre-nos","status":"publish","type":"page","link":"https:\/\/moderniza.me\/dinizsemijoias\/sobre-nos\/","title":{"rendered":"Sobre N\u00f3s"},"content":{"rendered":"\t\t<div data-elementor-type=\"wp-post\" data-elementor-id=\"438\" class=\"elementor elementor-438\" data-elementor-settings=\"[]\">\n\t\t\t\t\t\t<div class=\"elementor-inner\">\n\t\t\t\t\t\t\t<div class=\"elementor-section-wrap\">\n\t\t\t\t\t\t\t<section class=\"elementor-section elementor-top-section elementor-element elementor-element-81a3e6c elementor-section-boxed elementor-section-height-default elementor-section-height-default\" data-id=\"81a3e6c\" data-element_type=\"section\">\n\t\t\t\t\t\t<div class=\"elementor-container elementor-column-gap-default\">\n\t\t\t\t\t\t\t<div class=\"elementor-row\">\n\t\t\t\t\t<div class=\"elementor-column elementor-col-100 elementor-top-column elementor-element elementor-element-ec7e1b7\" data-id=\"ec7e1b7\" data-element_type=\"column\">\n\t\t\t<div class=\"elementor-column-wrap elementor-element-populated\">\n\t\t\t\t\t\t\t<div class=\"elementor-widget-wrap\">\n\t\t\t\t\t\t<div class=\"elementor-element elementor-element-3b36b4e elementor-widget elementor-widget-image\" data-id=\"3b36b4e\" data-element_type=\"widget\" data-widget_type=\"image.default\">\n\t\t\t\t<div class=\"elementor-widget-container\">\n\t\t\t\t\t<div class=\"elementor-image\">\n\t\t\t\t\t\t\t\t\t\t<img width=\"152\" height=\"118\" src=\"https:\/\/moderniza.me\/dinizsemijoias\/wp-content\/uploads\/sites\/95\/2022\/02\/cropped-lilian_semi_joias_logo.png\" class=\"attachment-large size-large\" alt=\"\" loading=\"lazy\" \/>\t\t\t\t\t\t\t\t\t\t\t<\/div>\n\t\t\t\t<\/div>\n\t\t\t\t<\/div>\n\t\t\t\t<section class=\"elementor-section elementor-inner-section elementor-element elementor-element-92a8adf elementor-section-boxed elementor-section-height-default elementor-section-height-default\" data-id=\"92a8adf\" data-element_type=\"section\">\n\t\t\t\t\t\t<div class=\"elementor-container elementor-column-gap-default\">\n\t\t\t\t\t\t\t<div class=\"elementor-row\">\n\t\t\t\t\t<div class=\"elementor-column elementor-col-100 elementor-inner-column elementor-element elementor-element-4f2e225\" data-id=\"4f2e225\" data-element_type=\"column\">\n\t\t\t<div class=\"elementor-column-wrap elementor-element-populated\">\n\t\t\t\t\t\t\t<div class=\"elementor-widget-wrap\">\n\t\t\t\t\t\t<div class=\"elementor-element elementor-element-3c99c7d elementor-widget elementor-widget-text-editor\" data-id=\"3c99c7d\" data-element_type=\"widget\" data-widget_type=\"text-editor.default\">\n\t\t\t\t<div class=\"elementor-widget-container\">\n\t\t\t\t\t<div class=\"elementor-text-editor elementor-clearfix\"><p>LILIAN SEMI JOIAS<\/p><p><span style=\"font-size: 15px\">Me chamo Lilian , e sou a fundadora da empresa Lilian Semijoias, nossa jornada iniciou no dia 22 de julho de 2019, com sede na cidade de Piedade Dos Gerias &#8211; MG.<\/span><\/p><p>A Lilian Semijoias \u00e9 uma empresa que traz um novo conceito em semijoias para real\u00e7ar a beleza de nossos clientes , estando presente em momentos e ocasi\u00f5es especiais , e no cotidiano de cada um de nossos clientes. Permitindo trazer liberdade de express\u00e3o e construindo uma identidade visual.<\/p><p>Hoje somos a sua loja f\u00edsica e online , exclusiva de semijoias e acess\u00f3rios com qualidade garantida , que oferece aos clientes uma experiencia de receber no conforto de sua casa, muito mais que uma simples pe\u00e7a , e sim, a impon\u00eancia , e toque de estilo para compor os seus looks.<\/p><\/div>\n\t\t\t\t<\/div>\n\t\t\t\t<\/div>\n\t\t\t\t\t\t<\/div>\n\t\t\t\t\t<\/div>\n\t\t<\/div>\n\t\t\t\t\t\t\t\t<\/div>\n\t\t\t\t\t<\/div>\n\t\t<\/section>\n\t\t\t\t\t\t<\/div>\n\t\t\t\t\t<\/div>\n\t\t<\/div>\n\t\t\t\t\t\t\t\t<\/div>\n\t\t\t\t\t<\/div>\n\t\t<\/section>\n\t\t\t\t\t\t<\/div>\n\t\t\t\t\t\t<\/div>\n\t\t\t\t\t<\/div>\n\t\t","protected":false},"excerpt":{"rendered":"<p>LILIAN SEMI JOIAS Me chamo Lilian , e sou a fundadora da empresa Lilian Semijoias, nossa jornada iniciou no dia 22 de julho de 2019, com sede na cidade de Piedade Dos Gerias &#8211; MG. A Lilian Semijoias \u00e9 uma empresa que traz um novo conceito em semijoias para real\u00e7ar&hellip; <\/p>\n","protected":false},"author":5,"featured_media":0,"parent":0,"menu_order":0,"comment_status":"closed","ping_status":"closed","template":"","meta":[],"yoast_head":"<!-- This site is optimized with the Yoast SEO plugin v15.7 - https:\/\/yoast.com\/wordpress\/plugins\/seo\/ -->\n<title>Sobre N\u00f3s - Lilian SemiJoias<\/title>\n<meta name=\"robots\" content=\"index, follow, max-snippet:-1, max-image-preview:large, max-video-preview:-1\" \/>\n<link rel=\"canonical\" href=\"https:\/\/moderniza.me\/dinizsemijoias\/sobre-nos\/\" \/>\n<meta property=\"og:locale\" content=\"pt_BR\" \/>\n<meta property=\"og:type\" content=\"article\" \/>\n<meta property=\"og:title\" content=\"Sobre N\u00f3s - Lilian SemiJoias\" \/>\n<meta property=\"og:description\" content=\"LILIAN SEMI JOIAS Me chamo Lilian , e sou a fundadora da empresa Lilian Semijoias, nossa jornada iniciou no dia 22 de julho de 2019, com sede na cidade de Piedade Dos Gerias &#8211; MG. A Lilian Semijoias \u00e9 uma empresa que traz um novo conceito em semijoias para real\u00e7ar&hellip;\" \/>\n<meta property=\"og:url\" content=\"https:\/\/moderniza.me\/dinizsemijoias\/sobre-nos\/\" \/>\n<meta property=\"og:site_name\" content=\"Lilian SemiJoias\" \/>\n<meta property=\"article:modified_time\" content=\"2022-09-08T16:29:27+00:00\" \/>\n<meta property=\"og:image\" content=\"https:\/\/moderniza.me\/dinizsemijoias\/wp-content\/uploads\/sites\/95\/2022\/02\/cropped-lilian_semi_joias_logo.png\" \/>\n<meta name=\"twitter:card\" content=\"summary_large_image\" \/>\n<meta name=\"twitter:label1\" content=\"Est. reading time\">\n\t<meta name=\"twitter:data1\" content=\"1 minuto\">\n<script type=\"application\/ld+json\" class=\"yoast-schema-graph\">{\"@context\":\"https:\/\/schema.org\",\"@graph\":[{\"@type\":\"WebSite\",\"@id\":\"https:\/\/moderniza.me\/dinizsemijoias\/#website\",\"url\":\"https:\/\/moderniza.me\/dinizsemijoias\/\",\"name\":\"Lilian SemiJoias\",\"description\":\"sua loja preferida agora on-line\",\"potentialAction\":[{\"@type\":\"SearchAction\",\"target\":\"https:\/\/moderniza.me\/dinizsemijoias\/?s={search_term_string}\",\"query-input\":\"required name=search_term_string\"}],\"inLanguage\":\"pt-BR\"},{\"@type\":\"ImageObject\",\"@id\":\"https:\/\/moderniza.me\/dinizsemijoias\/sobre-nos\/#primaryimage\",\"inLanguage\":\"pt-BR\",\"url\":\"https:\/\/moderniza.me\/dinizsemijoias\/wp-content\/uploads\/sites\/95\/2022\/02\/cropped-lilian_semi_joias_logo.png\",\"width\":152,\"height\":118},{\"@type\":\"WebPage\",\"@id\":\"https:\/\/moderniza.me\/dinizsemijoias\/sobre-nos\/#webpage\",\"url\":\"https:\/\/moderniza.me\/dinizsemijoias\/sobre-nos\/\",\"name\":\"Sobre N\\u00f3s - Lilian SemiJoias\",\"isPartOf\":{\"@id\":\"https:\/\/moderniza.me\/dinizsemijoias\/#website\"},\"primaryImageOfPage\":{\"@id\":\"https:\/\/moderniza.me\/dinizsemijoias\/sobre-nos\/#primaryimage\"},\"datePublished\":\"2019-04-18T14:16:34+00:00\",\"dateModified\":\"2022-09-08T16:29:27+00:00\",\"inLanguage\":\"pt-BR\",\"potentialAction\":[{\"@type\":\"ReadAction\",\"target\":[\"https:\/\/moderniza.me\/dinizsemijoias\/sobre-nos\/\"]}]}]}<\/script>\n<!-- \/ Yoast SEO plugin. -->","_links":{"self":[{"href":"https:\/\/moderniza.me\/dinizsemijoias\/wp-json\/wp\/v2\/pages\/438"}],"collection":[{"href":"https:\/\/moderniza.me\/dinizsemijoias\/wp-json\/wp\/v2\/pages"}],"about":[{"href":"https:\/\/moderniza.me\/dinizsemijoias\/wp-json\/wp\/v2\/types\/page"}],"author":[{"embeddable":true,"href":"https:\/\/moderniza.me\/dinizsemijoias\/wp-json\/wp\/v2\/users\/5"}],"replies":[{"embeddable":true,"href":"https:\/\/moderniza.me\/dinizsemijoias\/wp-json\/wp\/v2\/comments?post=438"}],"version-history":[{"count":20,"href":"https:\/\/moderniza.me\/dinizsemijoias\/wp-json\/wp\/v2\/pages\/438\/revisions"}],"predecessor-version":[{"id":6269,"href":"https:\/\/moderniza.me\/dinizsemijoias\/wp-json\/wp\/v2\/pages\/438\/revisions\/6269"}],"wp:attachment":[{"href":"https:\/\/moderniza.me\/dinizsemijoias\/wp-json\/wp\/v2\/media?parent=438"}],"curies":[{"name":"wp","href":"https:\/\/api.w.org\/{rel}","templated":true}]}}