
{"id":3,"date":"2020-03-24T17:15:51","date_gmt":"2020-03-24T17:15:51","guid":{"rendered":"http:\/\/moderniza.me\/loja01\/?page_id=3"},"modified":"2022-09-08T13:49:42","modified_gmt":"2022-09-08T16:49:42","slug":"politica-de-privacidade","status":"publish","type":"page","link":"https:\/\/moderniza.me\/dinizsemijoias\/politica-de-privacidade\/","title":{"rendered":"Politicas de troca"},"content":{"rendered":"\t\t<div data-elementor-type=\"wp-page\" data-elementor-id=\"3\" class=\"elementor elementor-3\" data-elementor-settings=\"[]\">\n\t\t\t\t\t\t<div class=\"elementor-inner\">\n\t\t\t\t\t\t\t<div class=\"elementor-section-wrap\">\n\t\t\t\t\t\t\t<section class=\"elementor-section elementor-top-section elementor-element elementor-element-c0aeb21 elementor-section-boxed elementor-section-height-default elementor-section-height-default\" data-id=\"c0aeb21\" data-element_type=\"section\">\n\t\t\t\t\t\t<div class=\"elementor-container elementor-column-gap-default\">\n\t\t\t\t\t\t\t<div class=\"elementor-row\">\n\t\t\t\t\t<div class=\"elementor-column elementor-col-100 elementor-top-column elementor-element elementor-element-3c826d5\" data-id=\"3c826d5\" data-element_type=\"column\">\n\t\t\t<div class=\"elementor-column-wrap elementor-element-populated\">\n\t\t\t\t\t\t\t<div class=\"elementor-widget-wrap\">\n\t\t\t\t\t\t<div class=\"elementor-element elementor-element-faca655 elementor-widget elementor-widget-text-editor\" data-id=\"faca655\" data-element_type=\"widget\" data-widget_type=\"text-editor.default\">\n\t\t\t\t<div class=\"elementor-widget-container\">\n\t\t\t\t\t<div class=\"elementor-text-editor elementor-clearfix\"><p><span style=\"font-size: 15px\">A pol\u00edtica de troca e devolu\u00e7\u00f5es da Equipe Lilian Semijoias utiliza como fundamentos o C\u00f3digo de Defesa do Consumidor (Art. 49). As solicita\u00e7\u00f5es devem ser feitas atrav\u00e9s do e-mail &nbsp;liliansemijoia@hotmail.com&nbsp;&nbsp;ou pelo WhatsApp&nbsp;(31) 99989-4214<\/span><br><\/p>\n<p>Troca e Devolu\u00e7\u00e3o:<\/p>\n<p>Esperamos que voc\u00ea fique satisfeito com sua compra, caso contr\u00e1rio poder\u00e1 realizar a troca de acordo com as seguintes regras:<\/p>\n<p>&#8211; O prazo de troca e devolu\u00e7\u00e3o \u00e9 de 7 dias a partir da data do recebimento do seu pedido.<\/p>\n<p>&#8211; O produto dever\u00e1 estar em perfeito estado sem ind\u00edcios de uso, manchas ou qualquer altera\u00e7\u00e3o feita pelo cliente. Neste caso o frete \u00e9 por conta do cliente. \u00c9 feita a restitui\u00e7\u00e3o do valor ou um vale compras na loja de mesmo valor do produto trocado. O frete j\u00e1 pago na compra anterior n\u00e3o ser\u00e1 reembolsado.<\/p>\n<p><\/p>\n<p>Produto com Defeito:<\/p>\n<p>Para realizar a troca de um produto com defeito de fabrica\u00e7\u00e3o \u00e9 necess\u00e1rio que ele esteja sem qualquer sinal de uso. Assim que seu produto for recebido por nossa equipe ele ser\u00e1 analisado. Se o defeito for realmente constatado enviaremos um novo produto at\u00e9 voc\u00ea sem cobran\u00e7a do frete. Caso este produto n\u00e3o tenha mais disponibilidade em estoque o cliente ganhar\u00e1 um vale compras de mesmo valor com frete gr\u00e1tis.<\/p>\n<p><\/p>\n<p>-N\u00c3O FAZEMOS TROCA NEM DEVOLU\u00c7\u00c3O DE QUALQUER PRODUTO EM PROMO\u00c7\u00c3O!<\/p>\n<p>-N\u00c3O SER\u00c3O ACEITOS PRODUTOS DEVOLVIDOS SEM O ENVIO PR\u00c9VIO DO EMAIL E APROVA\u00c7\u00c3O DE TROCA<\/p><\/div>\n\t\t\t\t<\/div>\n\t\t\t\t<\/div>\n\t\t\t\t\t\t<\/div>\n\t\t\t\t\t<\/div>\n\t\t<\/div>\n\t\t\t\t\t\t\t\t<\/div>\n\t\t\t\t\t<\/div>\n\t\t<\/section>\n\t\t\t\t\t\t<\/div>\n\t\t\t\t\t\t<\/div>\n\t\t\t\t\t<\/div>\n\t\t","protected":false},"excerpt":{"rendered":"<p>A pol\u00edtica de troca e devolu\u00e7\u00f5es da Equipe Lilian Semijoias utiliza como fundamentos o C\u00f3digo de Defesa do Consumidor (Art. 49). As solicita\u00e7\u00f5es devem ser feitas atrav\u00e9s do e-mail &nbsp;liliansemijoia@hotmail.com&nbsp;&nbsp;ou pelo WhatsApp&nbsp;(31) 99989-4214 Troca e Devolu\u00e7\u00e3o: Esperamos que voc\u00ea fique satisfeito com sua compra, caso contr\u00e1rio poder\u00e1 realizar a troca&hellip; <\/p>\n","protected":false},"author":1,"featured_media":0,"parent":0,"menu_order":0,"comment_status":"closed","ping_status":"closed","template":"","meta":[],"yoast_head":"<!-- This site is optimized with the Yoast SEO plugin v15.7 - https:\/\/yoast.com\/wordpress\/plugins\/seo\/ -->\n<title>Politicas de troca - Lilian SemiJoias<\/title>\n<meta name=\"robots\" content=\"index, follow, max-snippet:-1, max-image-preview:large, max-video-preview:-1\" \/>\n<link rel=\"canonical\" href=\"https:\/\/moderniza.me\/dinizsemijoias\/politica-de-privacidade\/\" \/>\n<meta property=\"og:locale\" content=\"pt_BR\" \/>\n<meta property=\"og:type\" content=\"article\" \/>\n<meta property=\"og:title\" content=\"Politicas de troca - Lilian SemiJoias\" \/>\n<meta property=\"og:description\" content=\"A pol\u00edtica de troca e devolu\u00e7\u00f5es da Equipe Lilian Semijoias utiliza como fundamentos o C\u00f3digo de Defesa do Consumidor (Art. 49). As solicita\u00e7\u00f5es devem ser feitas atrav\u00e9s do e-mail &nbsp;liliansemijoia@hotmail.com&nbsp;&nbsp;ou pelo WhatsApp&nbsp;(31) 99989-4214 Troca e Devolu\u00e7\u00e3o: Esperamos que voc\u00ea fique satisfeito com sua compra, caso contr\u00e1rio poder\u00e1 realizar a troca&hellip;\" \/>\n<meta property=\"og:url\" content=\"https:\/\/moderniza.me\/dinizsemijoias\/politica-de-privacidade\/\" \/>\n<meta property=\"og:site_name\" content=\"Lilian SemiJoias\" \/>\n<meta property=\"article:modified_time\" content=\"2022-09-08T16:49:42+00:00\" \/>\n<meta name=\"twitter:card\" content=\"summary_large_image\" \/>\n<meta name=\"twitter:label1\" content=\"Est. reading time\">\n\t<meta name=\"twitter:data1\" content=\"1 minuto\">\n<script type=\"application\/ld+json\" class=\"yoast-schema-graph\">{\"@context\":\"https:\/\/schema.org\",\"@graph\":[{\"@type\":\"WebSite\",\"@id\":\"https:\/\/moderniza.me\/dinizsemijoias\/#website\",\"url\":\"https:\/\/moderniza.me\/dinizsemijoias\/\",\"name\":\"Lilian SemiJoias\",\"description\":\"sua loja preferida agora on-line\",\"potentialAction\":[{\"@type\":\"SearchAction\",\"target\":\"https:\/\/moderniza.me\/dinizsemijoias\/?s={search_term_string}\",\"query-input\":\"required name=search_term_string\"}],\"inLanguage\":\"pt-BR\"},{\"@type\":\"WebPage\",\"@id\":\"https:\/\/moderniza.me\/dinizsemijoias\/politica-de-privacidade\/#webpage\",\"url\":\"https:\/\/moderniza.me\/dinizsemijoias\/politica-de-privacidade\/\",\"name\":\"Politicas de troca - Lilian SemiJoias\",\"isPartOf\":{\"@id\":\"https:\/\/moderniza.me\/dinizsemijoias\/#website\"},\"datePublished\":\"2020-03-24T17:15:51+00:00\",\"dateModified\":\"2022-09-08T16:49:42+00:00\",\"inLanguage\":\"pt-BR\",\"potentialAction\":[{\"@type\":\"ReadAction\",\"target\":[\"https:\/\/moderniza.me\/dinizsemijoias\/politica-de-privacidade\/\"]}]}]}<\/script>\n<!-- \/ Yoast SEO plugin. -->","_links":{"self":[{"href":"https:\/\/moderniza.me\/dinizsemijoias\/wp-json\/wp\/v2\/pages\/3"}],"collection":[{"href":"https:\/\/moderniza.me\/dinizsemijoias\/wp-json\/wp\/v2\/pages"}],"about":[{"href":"https:\/\/moderniza.me\/dinizsemijoias\/wp-json\/wp\/v2\/types\/page"}],"author":[{"embeddable":true,"href":"https:\/\/moderniza.me\/dinizsemijoias\/wp-json\/wp\/v2\/users\/1"}],"replies":[{"embeddable":true,"href":"https:\/\/moderniza.me\/dinizsemijoias\/wp-json\/wp\/v2\/comments?post=3"}],"version-history":[{"count":11,"href":"https:\/\/moderniza.me\/dinizsemijoias\/wp-json\/wp\/v2\/pages\/3\/revisions"}],"predecessor-version":[{"id":6302,"href":"https:\/\/moderniza.me\/dinizsemijoias\/wp-json\/wp\/v2\/pages\/3\/revisions\/6302"}],"wp:attachment":[{"href":"https:\/\/moderniza.me\/dinizsemijoias\/wp-json\/wp\/v2\/media?parent=3"}],"curies":[{"name":"wp","href":"https:\/\/api.w.org\/{rel}","templated":true}]}}