
{"id":927,"date":"2023-05-30T14:45:07","date_gmt":"2023-05-30T17:45:07","guid":{"rendered":"https:\/\/moderniza.me\/casadainformatica\/product\/placa-mae-1155-h61-ddr3-dex\/"},"modified":"2025-01-31T16:54:09","modified_gmt":"2025-01-31T19:54:09","slug":"placa-mae-1155-h61-ddr3-dex","status":"publish","type":"product","link":"https:\/\/moderniza.me\/casadainformatica\/product\/placa-mae-1155-h61-ddr3-dex\/","title":{"rendered":"PLACA MAE 1155 H61 DDR3 DEX"},"content":{"rendered":"<p>Marca: DEX<br \/>\n Caracter\u00edsticas:<br \/>\n&#8211; Marca: Dex<br \/>\n&#8211; Modelo: PM-01<\/p>\n<p>Especifica\u00e7\u00f5es:<br \/>\nGeral<br \/>\n&#8211; Socket: LGA1155<br \/>\n&#8211; Processadores suportados: Intel Celeron, Intel Core i3, Intel Core i5, Intel Core i7, Intel Pentium<br \/>\n&#8211; Padr\u00e3o: Micro ATX<br \/>\n&#8211; Padr\u00e3o de mem\u00f3ria: DDR3<br \/>\nEspecifica\u00e7\u00f5es da mem\u00f3ria<br \/>\n&#8211; Suporta at\u00e9 16GB de mem\u00f3ria<br \/>\n&#8211; 2x slots DDR3<br \/>\n&#8211; Suporta mem\u00f3rias 1600\/1333\/1066MHz<br \/>\n&#8211; Suporta Dual-Channel<br \/>\nArmazenamento<br \/>\n&#8211; 4x Portas SATA II<br \/>\nConectividade<br \/>\n&#8211; RJ-45 Ethernet 10\/100<br \/>\nConex\u00f5es traseiras<br \/>\n&#8211; 3x Conectores 3.5mm P2<br \/>\n&#8211; 1x Porta HDMI<br \/>\n&#8211; 1x Porta VGA<br \/>\n&#8211; 2x Portas PS\/2<br \/>\n&#8211; 1x Porta RJ-45<br \/>\n&#8211; 4x Portas USB 2.0<br \/>\nProcessador Gr\u00e1fico<br \/>\n&#8211; Integrado Intel<br \/>\nSlots de Expans\u00e3o<br \/>\n&#8211; 1x Slot PCI Express 1x<br \/>\n&#8211; 1x Slot PCI Express 16x<br \/>\nSistema de \u00e1udio<br \/>\n&#8211; 5.1 Canais<br \/>\nUSB<br \/>\n&#8211; 8x portas USB 2.0 (4x no painel traseiro, 4x internos na placa)<br \/>\nOutras informa\u00e7\u00f5es<br \/>\n&#8211; Realtek ALC662 6-Channel Audio CODEC<br \/>\n&#8211; Realtek 8105E\/8111E 100M\/1000M<\/p>\n<p>Peso c\/ Embalagem:<br \/>\n&#8211; 0,540 kg<\/p>\n<p>Dimens\u00f5es:<br \/>\n&#8211; 26cm x 19,5cm x 5cm<\/p>\n","protected":false},"excerpt":{"rendered":"<p>PLACA MAE 1155 H61 DDR3 DEX<\/p>\n","protected":false},"featured_media":944,"comment_status":"open","ping_status":"closed","template":"","meta":[],"yoast_head":"<!-- This site is optimized with the Yoast SEO plugin v15.7 - https:\/\/yoast.com\/wordpress\/plugins\/seo\/ -->\n<title>PLACA MAE 1155 H61 DDR3 DEX - Casa da Inform\u00e1tica<\/title>\n<meta name=\"robots\" content=\"index, follow, max-snippet:-1, max-image-preview:large, max-video-preview:-1\" \/>\n<link rel=\"canonical\" href=\"https:\/\/moderniza.me\/casadainformatica\/product\/placa-mae-1155-h61-ddr3-dex\/\" \/>\n<meta property=\"og:locale\" content=\"pt_BR\" \/>\n<meta property=\"og:type\" content=\"article\" \/>\n<meta property=\"og:title\" content=\"PLACA MAE 1155 H61 DDR3 DEX - Casa da Inform\u00e1tica\" \/>\n<meta property=\"og:description\" content=\"PLACA MAE 1155 H61 DDR3 DEX\" \/>\n<meta property=\"og:url\" content=\"https:\/\/moderniza.me\/casadainformatica\/product\/placa-mae-1155-h61-ddr3-dex\/\" \/>\n<meta property=\"og:site_name\" content=\"Casa da Inform\u00e1tica\" \/>\n<meta property=\"article:modified_time\" content=\"2025-01-31T19:54:09+00:00\" \/>\n<meta name=\"twitter:card\" content=\"summary_large_image\" \/>\n<meta name=\"twitter:label1\" content=\"Est. reading time\">\n\t<meta name=\"twitter:data1\" content=\"1 minuto\">\n<script type=\"application\/ld+json\" class=\"yoast-schema-graph\">{\"@context\":\"https:\/\/schema.org\",\"@graph\":[{\"@type\":\"WebSite\",\"@id\":\"https:\/\/moderniza.me\/casadainformatica\/#website\",\"url\":\"https:\/\/moderniza.me\/casadainformatica\/\",\"name\":\"Casa da Inform\\u00e1tica\",\"description\":\"Compre Online de Lojas Locais\",\"potentialAction\":[{\"@type\":\"SearchAction\",\"target\":\"https:\/\/moderniza.me\/casadainformatica\/?s={search_term_string}\",\"query-input\":\"required name=search_term_string\"}],\"inLanguage\":\"pt-BR\"},{\"@type\":\"ImageObject\",\"@id\":\"https:\/\/moderniza.me\/casadainformatica\/product\/placa-mae-1155-h61-ddr3-dex\/#primaryimage\",\"inLanguage\":\"pt-BR\",\"url\":\"https:\/\/moderniza.me\/casadainformatica\/wp-content\/uploads\/sites\/112\/2023\/06\/280_1.png\",\"width\":639,\"height\":651},{\"@type\":\"WebPage\",\"@id\":\"https:\/\/moderniza.me\/casadainformatica\/product\/placa-mae-1155-h61-ddr3-dex\/#webpage\",\"url\":\"https:\/\/moderniza.me\/casadainformatica\/product\/placa-mae-1155-h61-ddr3-dex\/\",\"name\":\"PLACA MAE 1155 H61 DDR3 DEX - Casa da Inform\\u00e1tica\",\"isPartOf\":{\"@id\":\"https:\/\/moderniza.me\/casadainformatica\/#website\"},\"primaryImageOfPage\":{\"@id\":\"https:\/\/moderniza.me\/casadainformatica\/product\/placa-mae-1155-h61-ddr3-dex\/#primaryimage\"},\"datePublished\":\"2023-05-30T17:45:07+00:00\",\"dateModified\":\"2025-01-31T19:54:09+00:00\",\"inLanguage\":\"pt-BR\",\"potentialAction\":[{\"@type\":\"ReadAction\",\"target\":[\"https:\/\/moderniza.me\/casadainformatica\/product\/placa-mae-1155-h61-ddr3-dex\/\"]}]}]}<\/script>\n<!-- \/ Yoast SEO plugin. -->","_links":{"self":[{"href":"https:\/\/moderniza.me\/casadainformatica\/wp-json\/wp\/v2\/product\/927"}],"collection":[{"href":"https:\/\/moderniza.me\/casadainformatica\/wp-json\/wp\/v2\/product"}],"about":[{"href":"https:\/\/moderniza.me\/casadainformatica\/wp-json\/wp\/v2\/types\/product"}],"replies":[{"embeddable":true,"href":"https:\/\/moderniza.me\/casadainformatica\/wp-json\/wp\/v2\/comments?post=927"}],"version-history":[{"count":0,"href":"https:\/\/moderniza.me\/casadainformatica\/wp-json\/wp\/v2\/product\/927\/revisions"}],"wp:featuredmedia":[{"embeddable":true,"href":"https:\/\/moderniza.me\/casadainformatica\/wp-json\/wp\/v2\/media\/944"}],"wp:attachment":[{"href":"https:\/\/moderniza.me\/casadainformatica\/wp-json\/wp\/v2\/media?parent=927"}],"curies":[{"name":"wp","href":"https:\/\/api.w.org\/{rel}","templated":true}]}}