
{"id":1232,"date":"2023-08-14T16:26:41","date_gmt":"2023-08-14T19:26:41","guid":{"rendered":"https:\/\/moderniza.me\/casadainformatica\/product\/placa-de-video-gt610-1gb-ddr3-64bits-low-profile-afox\/"},"modified":"2025-07-17T11:48:34","modified_gmt":"2025-07-17T14:48:34","slug":"placa-de-video-gt610-1gb-ddr3-64bits-low-profile-afox","status":"publish","type":"product","link":"https:\/\/moderniza.me\/casadainformatica\/product\/placa-de-video-gt610-1gb-ddr3-64bits-low-profile-afox\/","title":{"rendered":"PLACA DE VIDEO GT610 1GB DDR3 64BITS LOW PROFILE AFOX"},"content":{"rendered":"<p>Marca: AFOX<br \/>\nCaracter\u00edsticas: <\/p>\n<p>&#8211; Marca: AFOX <\/p>\n<p>&#8211; Modelo: AF610-2048D3L5   <\/p>\n<p>Especifica\u00e7\u00f5es:   <\/p>\n<p>&#8211; Interface: PCI Express 2.0 x16   <\/p>\n<p>&#8211; Chipset: Fabricante do chipset: NVIDIA <\/p>\n<p>&#8211; GPU: GeForce GT 610 <\/p>\n<p>&#8211; Core Clock: 810MHz <\/p>\n<p>&#8211; Shader Clock: 1620MHz <\/p>\n<p>&#8211; CUDA Cores: 48   <\/p>\n<p>Mem\u00f3ria: <\/p>\n<p>&#8211; Tamanho da mem\u00f3ria: 2GB <\/p>\n<p>&#8211; Interface de mem\u00f3ria: 64 Bits <\/p>\n<p>&#8211; Tipo de mem\u00f3ria: DDR3 <\/p>\n<p>&#8211; Clock: 1000MHz   <\/p>\n<p>3D API: <\/p>\n<p>&#8211; DirectX 11 <\/p>\n<p>&#8211; OpenGL 4,2   <\/p>\n<p>Portas: <\/p>\n<p>&#8211; HDMI <\/p>\n<p>&#8211; VGA <\/p>\n<p>&#8211; DVI   <\/p>\n<p>Geral: <\/p>\n<p>&#8211; RAMDAC: 400 MHz <\/p>\n<p>&#8211; Resolu\u00e7\u00e3o M\u00e1xima: 2560 x 1600   <\/p>\n<p>Recursos: <\/p>\n<p>&#8211; NVIDIA CUDA  <\/p>\n<p>&#8211; NVIDIA PhysX <\/p>\n<p>&#8211; NVIDIA PureVideo HD <\/p>\n<p>&#8211; Refrigerador: com ventilador <\/p>\n<p>&#8211; Dual-Link DVI com suporte <\/p>\n<p>&#8211; Compat\u00edvel com HDCP    <\/p>\n<p>Conte\u00fado da embalagem:  <\/p>\n<p>&#8211; Placa de V\u00eddeo AFOX GT 610 2GB &#8211; AF610-2048D3L5 <\/p>\n<p>&#8211; Espelho Low Profile <\/p>\n<p>&#8211; Manual do Usu\u00e1rio<\/p>\n<p>Garantia do Fornecedor<\/p>\n<p>3 meses<\/p>\n<p>Garantia:<br \/>\n3 meses de garantia<\/p>\n<p>Peso:<br \/>\n856 gramas (bruto com embalagem)<\/p>\n","protected":false},"excerpt":{"rendered":"<p>PLACA DE VIDEO GT610 1GB DDR3 64BITS LOW PROFILE AFOX<\/p>\n","protected":false},"featured_media":1231,"comment_status":"open","ping_status":"closed","template":"","meta":[],"yoast_head":"<!-- This site is optimized with the Yoast SEO plugin v15.7 - https:\/\/yoast.com\/wordpress\/plugins\/seo\/ -->\n<title>PLACA DE VIDEO GT610 1GB DDR3 64BITS LOW PROFILE AFOX - Casa da Inform\u00e1tica<\/title>\n<meta name=\"robots\" content=\"index, follow, max-snippet:-1, max-image-preview:large, max-video-preview:-1\" \/>\n<link rel=\"canonical\" href=\"https:\/\/moderniza.me\/casadainformatica\/product\/placa-de-video-gt610-1gb-ddr3-64bits-low-profile-afox\/\" \/>\n<meta property=\"og:locale\" content=\"pt_BR\" \/>\n<meta property=\"og:type\" content=\"article\" \/>\n<meta property=\"og:title\" content=\"PLACA DE VIDEO GT610 1GB DDR3 64BITS LOW PROFILE AFOX - Casa da Inform\u00e1tica\" \/>\n<meta property=\"og:description\" content=\"PLACA DE VIDEO GT610 1GB DDR3 64BITS LOW PROFILE AFOX\" \/>\n<meta property=\"og:url\" content=\"https:\/\/moderniza.me\/casadainformatica\/product\/placa-de-video-gt610-1gb-ddr3-64bits-low-profile-afox\/\" \/>\n<meta property=\"og:site_name\" content=\"Casa da Inform\u00e1tica\" \/>\n<meta property=\"article:modified_time\" content=\"2025-07-17T14:48:34+00:00\" \/>\n<meta name=\"twitter:card\" content=\"summary_large_image\" \/>\n<meta name=\"twitter:label1\" content=\"Est. reading time\">\n\t<meta name=\"twitter:data1\" content=\"1 minuto\">\n<script type=\"application\/ld+json\" class=\"yoast-schema-graph\">{\"@context\":\"https:\/\/schema.org\",\"@graph\":[{\"@type\":\"WebSite\",\"@id\":\"https:\/\/moderniza.me\/casadainformatica\/#website\",\"url\":\"https:\/\/moderniza.me\/casadainformatica\/\",\"name\":\"Casa da Inform\\u00e1tica\",\"description\":\"Compre Online de Lojas Locais\",\"potentialAction\":[{\"@type\":\"SearchAction\",\"target\":\"https:\/\/moderniza.me\/casadainformatica\/?s={search_term_string}\",\"query-input\":\"required name=search_term_string\"}],\"inLanguage\":\"pt-BR\"},{\"@type\":\"ImageObject\",\"@id\":\"https:\/\/moderniza.me\/casadainformatica\/product\/placa-de-video-gt610-1gb-ddr3-64bits-low-profile-afox\/#primaryimage\",\"inLanguage\":\"pt-BR\",\"url\":\"https:\/\/moderniza.me\/casadainformatica\/wp-content\/uploads\/sites\/112\/2023\/08\/1000219_1.png\",\"width\":1000,\"height\":1000},{\"@type\":\"WebPage\",\"@id\":\"https:\/\/moderniza.me\/casadainformatica\/product\/placa-de-video-gt610-1gb-ddr3-64bits-low-profile-afox\/#webpage\",\"url\":\"https:\/\/moderniza.me\/casadainformatica\/product\/placa-de-video-gt610-1gb-ddr3-64bits-low-profile-afox\/\",\"name\":\"PLACA DE VIDEO GT610 1GB DDR3 64BITS LOW PROFILE AFOX - Casa da Inform\\u00e1tica\",\"isPartOf\":{\"@id\":\"https:\/\/moderniza.me\/casadainformatica\/#website\"},\"primaryImageOfPage\":{\"@id\":\"https:\/\/moderniza.me\/casadainformatica\/product\/placa-de-video-gt610-1gb-ddr3-64bits-low-profile-afox\/#primaryimage\"},\"datePublished\":\"2023-08-14T19:26:41+00:00\",\"dateModified\":\"2025-07-17T14:48:34+00:00\",\"inLanguage\":\"pt-BR\",\"potentialAction\":[{\"@type\":\"ReadAction\",\"target\":[\"https:\/\/moderniza.me\/casadainformatica\/product\/placa-de-video-gt610-1gb-ddr3-64bits-low-profile-afox\/\"]}]}]}<\/script>\n<!-- \/ Yoast SEO plugin. -->","_links":{"self":[{"href":"https:\/\/moderniza.me\/casadainformatica\/wp-json\/wp\/v2\/product\/1232"}],"collection":[{"href":"https:\/\/moderniza.me\/casadainformatica\/wp-json\/wp\/v2\/product"}],"about":[{"href":"https:\/\/moderniza.me\/casadainformatica\/wp-json\/wp\/v2\/types\/product"}],"replies":[{"embeddable":true,"href":"https:\/\/moderniza.me\/casadainformatica\/wp-json\/wp\/v2\/comments?post=1232"}],"version-history":[{"count":0,"href":"https:\/\/moderniza.me\/casadainformatica\/wp-json\/wp\/v2\/product\/1232\/revisions"}],"wp:featuredmedia":[{"embeddable":true,"href":"https:\/\/moderniza.me\/casadainformatica\/wp-json\/wp\/v2\/media\/1231"}],"wp:attachment":[{"href":"https:\/\/moderniza.me\/casadainformatica\/wp-json\/wp\/v2\/media?parent=1232"}],"curies":[{"name":"wp","href":"https:\/\/api.w.org\/{rel}","templated":true}]}}