
{"id":1116,"date":"2023-07-03T16:57:48","date_gmt":"2023-07-03T19:57:48","guid":{"rendered":"https:\/\/moderniza.me\/casadainformatica\/product\/fonte-atx-500w-80-plus-bronze-pfc-ativo-s-cabo-redragon\/"},"modified":"2025-09-12T16:49:17","modified_gmt":"2025-09-12T19:49:17","slug":"fonte-atx-500w-80-plus-bronze-pfc-ativo-s-cabo-redragon","status":"publish","type":"product","link":"https:\/\/moderniza.me\/casadainformatica\/product\/fonte-atx-500w-80-plus-bronze-pfc-ativo-s-cabo-redragon\/","title":{"rendered":"FONTE ATX 500W 80 PLUS BRONZE PFC ATIVO S\/CABO REDRAGON"},"content":{"rendered":"<p>Marca: REDRAGON<br \/>\n Caracter\u00edsticas:<\/p>\n<p>&#8211; Marca: Redragon<br \/>\n&#8211; Modelo: GC-PS001-1<\/p>\n<p>Especifica\u00e7\u00f5es:<br \/>\n&#8211; Padr\u00e3o: Intel ATX 12V 2.31 &amp; EPS 12V<br \/>\n&#8211; Certifica\u00e7\u00e3o: 80 Plus Bronze 85% de efici\u00eancia<br \/>\n&#8211; Voltagem: Bivolt Autom\u00e1tico<br \/>\n&#8211; PFC Ativo: Sim<br \/>\n&#8211; Frequ\u00eancia: 47Hz ~ 63Hz<br \/>\n&#8211; Corrente de Entrada: 6A (M\u00e1x.)<br \/>\n&#8211; FAN: 14CM rolamento liquido<\/p>\n<p>Sa\u00edda DC:<br \/>\n&#8211; 3.3V 15A<br \/>\n&#8211; 5V 18A<br \/>\n&#8211; 12V 40A<br \/>\n&#8211; -12V 0.3A<br \/>\n&#8211; +5Vsb 2.5A<\/p>\n<p>Conectores:<br \/>\n&#8211; (01) 24 Pinos ATX<br \/>\n&#8211; (02) PCI-E 6+2<br \/>\n&#8211; (01) CPU 4+4<br \/>\n&#8211; (06) SATA<br \/>\n&#8211; (02) IDE<\/p>\n<p>Informa\u00e7\u00f5es Adicionais:<br \/>\n&#8211; Certifica\u00e7\u00e3o 80 Plus bronze<br \/>\n&#8211; Prote\u00e7\u00e3o contra curto circuito e sobrecarga<br \/>\n&#8211; Cooler de 14CM<br \/>\n&#8211; Capacitores japoneses<br \/>\n&#8211; 500W de pot\u00eancia cont\u00ednuo<\/p>\n<p>Conte\u00fado da Embalagem<\/p>\n<p>&#8211; Fonte 500W Redragon Bivolt<br \/>\n&#8211; GP-PS001-1<br \/>\n&#8211; 6 Enforca Gato<br \/>\n&#8211; 4 Parafusos para Fixa\u00e7\u00e3o<br \/>\n&#8211; Guia R\u00e1pido<\/p>\n<p>Peso:<br \/>\n1820 gramas (bruto com embalagem)<\/p>\n","protected":false},"excerpt":{"rendered":"<p>FONTE ATX 500W 80 PLUS BRONZE PFC ATIVO S\/CABO REDRAGON<\/p>\n","protected":false},"featured_media":1302,"comment_status":"open","ping_status":"closed","template":"","meta":[],"yoast_head":"<!-- This site is optimized with the Yoast SEO plugin v15.7 - https:\/\/yoast.com\/wordpress\/plugins\/seo\/ -->\n<title>FONTE ATX 500W 80 PLUS BRONZE PFC ATIVO S\/CABO REDRAGON - Casa da Inform\u00e1tica<\/title>\n<meta name=\"robots\" content=\"index, follow, max-snippet:-1, max-image-preview:large, max-video-preview:-1\" \/>\n<link rel=\"canonical\" href=\"https:\/\/moderniza.me\/casadainformatica\/product\/fonte-atx-500w-80-plus-bronze-pfc-ativo-s-cabo-redragon\/\" \/>\n<meta property=\"og:locale\" content=\"pt_BR\" \/>\n<meta property=\"og:type\" content=\"article\" \/>\n<meta property=\"og:title\" content=\"FONTE ATX 500W 80 PLUS BRONZE PFC ATIVO S\/CABO REDRAGON - Casa da Inform\u00e1tica\" \/>\n<meta property=\"og:description\" content=\"FONTE ATX 500W 80 PLUS BRONZE PFC ATIVO S\/CABO REDRAGON\" \/>\n<meta property=\"og:url\" content=\"https:\/\/moderniza.me\/casadainformatica\/product\/fonte-atx-500w-80-plus-bronze-pfc-ativo-s-cabo-redragon\/\" \/>\n<meta property=\"og:site_name\" content=\"Casa da Inform\u00e1tica\" \/>\n<meta property=\"article:modified_time\" content=\"2025-09-12T19:49:17+00:00\" \/>\n<meta property=\"og:image\" content=\"https:\/\/moderniza.me\/casadainformatica\/wp-content\/uploads\/sites\/112\/2023\/08\/2107_0-1.jpg\" \/>\n\t<meta property=\"og:image:width\" content=\"679\" \/>\n\t<meta property=\"og:image:height\" content=\"569\" \/>\n<meta name=\"twitter:card\" content=\"summary_large_image\" \/>\n<meta name=\"twitter:label1\" content=\"Est. reading time\">\n\t<meta name=\"twitter:data1\" content=\"1 minuto\">\n<script type=\"application\/ld+json\" class=\"yoast-schema-graph\">{\"@context\":\"https:\/\/schema.org\",\"@graph\":[{\"@type\":\"WebSite\",\"@id\":\"https:\/\/moderniza.me\/casadainformatica\/#website\",\"url\":\"https:\/\/moderniza.me\/casadainformatica\/\",\"name\":\"Casa da Inform\\u00e1tica\",\"description\":\"Compre Online de Lojas Locais\",\"potentialAction\":[{\"@type\":\"SearchAction\",\"target\":\"https:\/\/moderniza.me\/casadainformatica\/?s={search_term_string}\",\"query-input\":\"required name=search_term_string\"}],\"inLanguage\":\"pt-BR\"},{\"@type\":\"ImageObject\",\"@id\":\"https:\/\/moderniza.me\/casadainformatica\/product\/fonte-atx-500w-80-plus-bronze-pfc-ativo-s-cabo-redragon\/#primaryimage\",\"inLanguage\":\"pt-BR\",\"url\":\"https:\/\/moderniza.me\/casadainformatica\/wp-content\/uploads\/sites\/112\/2023\/08\/2107_0-1.jpg\",\"width\":679,\"height\":569,\"caption\":\"xr:d:DAFrpf3-bNM:1,j:5260604199055207911,t:23081521\"},{\"@type\":\"WebPage\",\"@id\":\"https:\/\/moderniza.me\/casadainformatica\/product\/fonte-atx-500w-80-plus-bronze-pfc-ativo-s-cabo-redragon\/#webpage\",\"url\":\"https:\/\/moderniza.me\/casadainformatica\/product\/fonte-atx-500w-80-plus-bronze-pfc-ativo-s-cabo-redragon\/\",\"name\":\"FONTE ATX 500W 80 PLUS BRONZE PFC ATIVO S\/CABO REDRAGON - Casa da Inform\\u00e1tica\",\"isPartOf\":{\"@id\":\"https:\/\/moderniza.me\/casadainformatica\/#website\"},\"primaryImageOfPage\":{\"@id\":\"https:\/\/moderniza.me\/casadainformatica\/product\/fonte-atx-500w-80-plus-bronze-pfc-ativo-s-cabo-redragon\/#primaryimage\"},\"datePublished\":\"2023-07-03T19:57:48+00:00\",\"dateModified\":\"2025-09-12T19:49:17+00:00\",\"inLanguage\":\"pt-BR\",\"potentialAction\":[{\"@type\":\"ReadAction\",\"target\":[\"https:\/\/moderniza.me\/casadainformatica\/product\/fonte-atx-500w-80-plus-bronze-pfc-ativo-s-cabo-redragon\/\"]}]}]}<\/script>\n<!-- \/ Yoast SEO plugin. -->","_links":{"self":[{"href":"https:\/\/moderniza.me\/casadainformatica\/wp-json\/wp\/v2\/product\/1116"}],"collection":[{"href":"https:\/\/moderniza.me\/casadainformatica\/wp-json\/wp\/v2\/product"}],"about":[{"href":"https:\/\/moderniza.me\/casadainformatica\/wp-json\/wp\/v2\/types\/product"}],"replies":[{"embeddable":true,"href":"https:\/\/moderniza.me\/casadainformatica\/wp-json\/wp\/v2\/comments?post=1116"}],"version-history":[{"count":1,"href":"https:\/\/moderniza.me\/casadainformatica\/wp-json\/wp\/v2\/product\/1116\/revisions"}],"predecessor-version":[{"id":1312,"href":"https:\/\/moderniza.me\/casadainformatica\/wp-json\/wp\/v2\/product\/1116\/revisions\/1312"}],"wp:featuredmedia":[{"embeddable":true,"href":"https:\/\/moderniza.me\/casadainformatica\/wp-json\/wp\/v2\/media\/1302"}],"wp:attachment":[{"href":"https:\/\/moderniza.me\/casadainformatica\/wp-json\/wp\/v2\/media?parent=1116"}],"curies":[{"name":"wp","href":"https:\/\/api.w.org\/{rel}","templated":true}]}}