
{"id":1111,"date":"2023-07-03T16:57:44","date_gmt":"2023-07-03T19:57:44","guid":{"rendered":"https:\/\/moderniza.me\/casadainformatica\/product\/fonte-atx-ps-g600b-600w-80-plus-bronze-c-pfc-c3tech\/"},"modified":"2025-10-15T12:04:21","modified_gmt":"2025-10-15T15:04:21","slug":"fonte-atx-ps-g600b-600w-80-plus-bronze-c-pfc-c3tech","status":"publish","type":"product","link":"https:\/\/moderniza.me\/casadainformatica\/product\/fonte-atx-ps-g600b-600w-80-plus-bronze-c-pfc-c3tech\/","title":{"rendered":"FONTE ATX 600W PS-G600B 80 PLUS BRONZE C\/PFC  C3TECH"},"content":{"rendered":"<p>Marca: C3TECH<br \/>\n Caracter\u00edsticas:<br \/>\n&#8211; Marca: C3Tech<br \/>\n&#8211; Modelo: Ps-G600m<\/p>\n<p>Especifica\u00e7\u00f5es T\u00e9cnicas:<br \/>\n&#8211; Pot\u00eancia Real 600w<br \/>\n&#8211; Bivolt Autom\u00e1tico<br \/>\n&#8211; Possui Interruptor On\/off<br \/>\n&#8211; Possui Pfc Ativo<br \/>\n&#8211; Possui Certifica\u00e7\u00e3o 80plus White\/standard<\/p>\n<p>Cabos e Conectores:<br \/>\n&#8211; 1 x Conector Atx 20+4p &#8211; 55cm<br \/>\n&#8211; 1 x Conector Atx Aux 12v 4+4p &#8211; 75cm<br \/>\n&#8211; 6 x Conector Sata &#8211; 50cm<br \/>\n&#8211; 4 x Conector Ide &#8211; 15cm a Partir de Sata<br \/>\n&#8211; 2 x Conector Pci Express 6+2p &#8211; 55cm<br \/>\n&#8211; Cabo Flat Preto Que Facilita a Organiza\u00e7\u00e3o<\/p>\n<p>Caracter\u00edsticas El\u00e9tricas:<br \/>\n&#8211; Tens\u00e3o de Opera\u00e7\u00e3o: Ac 100\/240v<br \/>\n&#8211; Frequ\u00eancia: 47\/63hz<br \/>\n&#8211; Corrente de Sa\u00edda +5vsb: 2a<br \/>\n&#8211; Corrente de Sa\u00edda +3,3v: 15a<br \/>\n&#8211; Corrente de Sa\u00edda +5v: 15a<br \/>\n&#8211; Corrente de Sa\u00edda +12v: 40a<br \/>\n&#8211; Corrente de Sa\u00edda -12v: 0.3a<\/p>\n<p>Dimens\u00f5es e Peso:<br \/>\n&#8211; Altura da Embalagem: 17.5 Cm<br \/>\n&#8211; Largura Embalagem: 9.8 Cm<br \/>\n&#8211; Comprimento Embalagem: 23.5 Cm<br \/>\n&#8211; Peso Embalagem: 1466 g<\/p>\n<p>Ean do Produto:<br \/>\n&#8211; 7908639900056<\/p>\n<p>Conte\u00fado da Embalagem:<br \/>\n&#8211; Fonte C3tech Ps-G600m, 600W, ATX, 80 Plus White, PFC Ativo, Bivolt Autom\u00e1tico, Preta<\/p>\n<p>Garantia do Fornecedor<\/p>\n<p>12 meses<\/p>\n<p>Peso:<br \/>\n1785 gramas (bruto com embalagem)<\/p>\n","protected":false},"excerpt":{"rendered":"<p>FONTE ATX 600W PS-G600B 80 PLUS BRONZE C\/PFC  C3TECH<\/p>\n","protected":false},"featured_media":1134,"comment_status":"open","ping_status":"closed","template":"","meta":[],"yoast_head":"<!-- This site is optimized with the Yoast SEO plugin v15.7 - https:\/\/yoast.com\/wordpress\/plugins\/seo\/ -->\n<title>FONTE ATX 600W PS-G600B 80 PLUS BRONZE C\/PFC C3TECH - Casa da Inform\u00e1tica<\/title>\n<meta name=\"robots\" content=\"index, follow, max-snippet:-1, max-image-preview:large, max-video-preview:-1\" \/>\n<link rel=\"canonical\" href=\"https:\/\/moderniza.me\/casadainformatica\/product\/fonte-atx-ps-g600b-600w-80-plus-bronze-c-pfc-c3tech\/\" \/>\n<meta property=\"og:locale\" content=\"pt_BR\" \/>\n<meta property=\"og:type\" content=\"article\" \/>\n<meta property=\"og:title\" content=\"FONTE ATX 600W PS-G600B 80 PLUS BRONZE C\/PFC C3TECH - Casa da Inform\u00e1tica\" \/>\n<meta property=\"og:description\" content=\"FONTE ATX 600W PS-G600B 80 PLUS BRONZE C\/PFC C3TECH\" \/>\n<meta property=\"og:url\" content=\"https:\/\/moderniza.me\/casadainformatica\/product\/fonte-atx-ps-g600b-600w-80-plus-bronze-c-pfc-c3tech\/\" \/>\n<meta property=\"og:site_name\" content=\"Casa da Inform\u00e1tica\" \/>\n<meta property=\"article:modified_time\" content=\"2025-10-15T15:04:21+00:00\" \/>\n<meta property=\"og:image\" content=\"https:\/\/moderniza.me\/casadainformatica\/wp-content\/uploads\/sites\/112\/2023\/07\/1937_1.png\" \/>\n\t<meta property=\"og:image:width\" content=\"1000\" \/>\n\t<meta property=\"og:image:height\" content=\"1000\" \/>\n<meta name=\"twitter:card\" content=\"summary_large_image\" \/>\n<meta name=\"twitter:label1\" content=\"Est. reading time\">\n\t<meta name=\"twitter:data1\" content=\"1 minuto\">\n<script type=\"application\/ld+json\" class=\"yoast-schema-graph\">{\"@context\":\"https:\/\/schema.org\",\"@graph\":[{\"@type\":\"WebSite\",\"@id\":\"https:\/\/moderniza.me\/casadainformatica\/#website\",\"url\":\"https:\/\/moderniza.me\/casadainformatica\/\",\"name\":\"Casa da Inform\\u00e1tica\",\"description\":\"Compre Online de Lojas Locais\",\"potentialAction\":[{\"@type\":\"SearchAction\",\"target\":\"https:\/\/moderniza.me\/casadainformatica\/?s={search_term_string}\",\"query-input\":\"required name=search_term_string\"}],\"inLanguage\":\"pt-BR\"},{\"@type\":\"ImageObject\",\"@id\":\"https:\/\/moderniza.me\/casadainformatica\/product\/fonte-atx-ps-g600b-600w-80-plus-bronze-c-pfc-c3tech\/#primaryimage\",\"inLanguage\":\"pt-BR\",\"url\":\"https:\/\/moderniza.me\/casadainformatica\/wp-content\/uploads\/sites\/112\/2023\/07\/1937_1.png\",\"width\":1000,\"height\":1000},{\"@type\":\"WebPage\",\"@id\":\"https:\/\/moderniza.me\/casadainformatica\/product\/fonte-atx-ps-g600b-600w-80-plus-bronze-c-pfc-c3tech\/#webpage\",\"url\":\"https:\/\/moderniza.me\/casadainformatica\/product\/fonte-atx-ps-g600b-600w-80-plus-bronze-c-pfc-c3tech\/\",\"name\":\"FONTE ATX 600W PS-G600B 80 PLUS BRONZE C\/PFC C3TECH - Casa da Inform\\u00e1tica\",\"isPartOf\":{\"@id\":\"https:\/\/moderniza.me\/casadainformatica\/#website\"},\"primaryImageOfPage\":{\"@id\":\"https:\/\/moderniza.me\/casadainformatica\/product\/fonte-atx-ps-g600b-600w-80-plus-bronze-c-pfc-c3tech\/#primaryimage\"},\"datePublished\":\"2023-07-03T19:57:44+00:00\",\"dateModified\":\"2025-10-15T15:04:21+00:00\",\"inLanguage\":\"pt-BR\",\"potentialAction\":[{\"@type\":\"ReadAction\",\"target\":[\"https:\/\/moderniza.me\/casadainformatica\/product\/fonte-atx-ps-g600b-600w-80-plus-bronze-c-pfc-c3tech\/\"]}]}]}<\/script>\n<!-- \/ Yoast SEO plugin. -->","_links":{"self":[{"href":"https:\/\/moderniza.me\/casadainformatica\/wp-json\/wp\/v2\/product\/1111"}],"collection":[{"href":"https:\/\/moderniza.me\/casadainformatica\/wp-json\/wp\/v2\/product"}],"about":[{"href":"https:\/\/moderniza.me\/casadainformatica\/wp-json\/wp\/v2\/types\/product"}],"replies":[{"embeddable":true,"href":"https:\/\/moderniza.me\/casadainformatica\/wp-json\/wp\/v2\/comments?post=1111"}],"version-history":[{"count":2,"href":"https:\/\/moderniza.me\/casadainformatica\/wp-json\/wp\/v2\/product\/1111\/revisions"}],"predecessor-version":[{"id":1198,"href":"https:\/\/moderniza.me\/casadainformatica\/wp-json\/wp\/v2\/product\/1111\/revisions\/1198"}],"wp:featuredmedia":[{"embeddable":true,"href":"https:\/\/moderniza.me\/casadainformatica\/wp-json\/wp\/v2\/media\/1134"}],"wp:attachment":[{"href":"https:\/\/moderniza.me\/casadainformatica\/wp-json\/wp\/v2\/media?parent=1111"}],"curies":[{"name":"wp","href":"https:\/\/api.w.org\/{rel}","templated":true}]}}